{"id":798,"date":"2025-02-16T22:57:50","date_gmt":"2025-02-16T21:57:50","guid":{"rendered":"https:\/\/edition-gl.de\/?page_id=798"},"modified":"2026-02-06T22:14:22","modified_gmt":"2026-02-06T21:14:22","slug":"live-archiv","status":"publish","type":"page","link":"https:\/\/edition-gl.de\/index.php\/live\/live-archiv\/","title":{"rendered":"Live-Archiv"},"content":{"rendered":"\n<h2 class=\"wp-block-heading\">Live-Archiv<\/h2>\n\n\n\n<p><strong>H\u00f6hepunkte<\/strong><\/p>\n\n\n\n<p>1998 DIE SPUR VON MORGEN Jerusalem<\/p>\n\n\n\n<p>2002 ADAM Assisi<\/p>\n\n\n\n<p>2007 PETRUS UND DER HAHN Rom<\/p>\n\n\n\n<p>2010 Er\u00f6ffnung 2. \u00f6kumenischer Kirchentag, M\u00fcnchen<\/p>\n\n\n\n<p>2015 Abendgebet mit Papst Franziskus<\/p>\n\n\n\n<div style=\"height:23px\" aria-hidden=\"true\" class=\"wp-block-spacer\"><\/div>\n\n\n\n<p><strong>Chronik<\/strong> besonderer Konzerte<\/p>\n\n\n\n<p><a href=\"https:\/\/edition-gl.de\/index.php\/live\/live-archiv\/petrus-karlsruhe\/\" data-type=\"page\" data-id=\"886\">2025 PETRUS UND DER HAHN &#8211; Karlsruhe<\/a><\/p>\n\n\n\n<p>2025 AMI Konzert &#8211; M\u00fcnster<\/p>\n\n\n\n<p><a href=\"https:\/\/edition-gl.de\/index.php\/lieder\/die-sieben-gaben\/die-sieben-gaben-2025\/\" data-type=\"page\" data-id=\"1005\">2025 DIE SIEBEN GABEN &#8211; Kaarst<\/a><\/p>\n\n\n\n<p>2024 ADAM &#8211; Karlsruhe<\/p>\n\n\n\n<p>2024 DIE SIEBEN GABEN &#8211; Essen<\/p>\n\n\n\n<p>2024 AMI Konzert &#8211; D\u00fcsseldorf<\/p>\n\n\n\n<p>2023 DIE SPUR VON MORGEN &#8211; Karlsruhe<\/p>\n\n\n\n<p><\/p>\n\n\n\n<div class=\"wp-block-buttons is-layout-flex wp-block-buttons-is-layout-flex\">\n<div class=\"wp-block-button\"><a class=\"wp-block-button__link wp-element-button\" href=\"https:\/\/edition-gl.de\">zur\u00fcck zur Startseite<\/a><\/div>\n<\/div>\n\n\n\n<p><\/p>\n","protected":false},"excerpt":{"rendered":"<p>Live-Archiv H\u00f6hepunkte 1998 DIE SPUR VON MORGEN Jerusalem 2002 ADAM Assisi 2007 PETRUS UND DER HAHN Rom 2010 Er\u00f6ffnung 2. \u00f6kumenischer Kirchentag, M\u00fcnchen 2015 Abendgebet mit Papst Franziskus Chronik besonderer Konzerte 2025 PETRUS UND DER HAHN &#8211; Karlsruhe 2025 AMI Konzert &#8211; M\u00fcnster 2025 DIE SIEBEN GABEN &#8211; Kaarst 2024 ADAM &#8211; Karlsruhe 2024 DIE [&hellip;]<\/p>\n","protected":false},"author":2,"featured_media":0,"parent":22,"menu_order":0,"comment_status":"closed","ping_status":"closed","template":"","meta":{"footnotes":""},"class_list":["post-798","page","type-page","status-publish","hentry"],"_links":{"self":[{"href":"https:\/\/edition-gl.de\/index.php\/wp-json\/wp\/v2\/pages\/798","targetHints":{"allow":["GET"]}}],"collection":[{"href":"https:\/\/edition-gl.de\/index.php\/wp-json\/wp\/v2\/pages"}],"about":[{"href":"https:\/\/edition-gl.de\/index.php\/wp-json\/wp\/v2\/types\/page"}],"author":[{"embeddable":true,"href":"https:\/\/edition-gl.de\/index.php\/wp-json\/wp\/v2\/users\/2"}],"replies":[{"embeddable":true,"href":"https:\/\/edition-gl.de\/index.php\/wp-json\/wp\/v2\/comments?post=798"}],"version-history":[{"count":5,"href":"https:\/\/edition-gl.de\/index.php\/wp-json\/wp\/v2\/pages\/798\/revisions"}],"predecessor-version":[{"id":1700,"href":"https:\/\/edition-gl.de\/index.php\/wp-json\/wp\/v2\/pages\/798\/revisions\/1700"}],"up":[{"embeddable":true,"href":"https:\/\/edition-gl.de\/index.php\/wp-json\/wp\/v2\/pages\/22"}],"wp:attachment":[{"href":"https:\/\/edition-gl.de\/index.php\/wp-json\/wp\/v2\/media?parent=798"}],"curies":[{"name":"wp","href":"https:\/\/api.w.org\/{rel}","templated":true}]}}