{"id":599,"date":"2024-12-28T13:14:09","date_gmt":"2024-12-28T12:14:09","guid":{"rendered":"https:\/\/edition-gl.de\/?page_id=599"},"modified":"2026-02-02T19:08:05","modified_gmt":"2026-02-02T18:08:05","slug":"projekte","status":"publish","type":"page","link":"https:\/\/edition-gl.de\/index.php\/projekte\/","title":{"rendered":"Projekte"},"content":{"rendered":"\n<figure class=\"wp-block-image alignwide\" id=\"block-c66b42e1-d448-49aa-a238-5897fded445d\"><img decoding=\"async\" src=\"http:\/\/edition-gl.de\/wp-content\/uploads\/2024\/10\/Mitsingen.jpg\" alt=\"Dieses Bild hat ein leeres Alt-Attribut. Der Dateiname ist Mitsingen.jpg\"\/><\/figure>\n\n\n\n<p id=\"block-b1e50769-e4b1-4039-a8da-c542cc488a27\">Gregor Lin\u00dfen bietet f\u00fcr seine Oratorien und Konzertprogramme<br>Intensiv-Chortage und philosophische Reisen in der Art der Musikwallfahrten an, wie sie Leo Langer Ende 1998 erfunden hat:<br>Auf dem Weg denkt man anders \u00fcber das Gehen nach und in der W\u00fcste anders \u00fcber die W\u00fcste.<\/p>\n\n\n\n<p class=\"has-large-font-size\" id=\"block-07039bc3-d34b-4263-a216-1c93b0f16839\"><strong>Oratorien-Projekte<\/strong><\/p>\n\n\n\n<div class=\"wp-block-buttons is-layout-flex wp-block-buttons-is-layout-flex\">\n<div class=\"wp-block-button\"><a class=\"wp-block-button__link has-background wp-element-button\" style=\"background-color:#e1e1e1\">Die SPUR von morgen<\/a><\/div>\n<\/div>\n\n\n\n<div class=\"wp-block-buttons is-layout-flex wp-block-buttons-is-layout-flex\">\n<div class=\"wp-block-button is-style-fill\"><a class=\"wp-block-button__link has-accent-5-background-color has-background wp-element-button\">ADAM -Die Suche nach dem Menschen<\/a><\/div>\n<\/div>\n\n\n\n<div class=\"wp-block-buttons is-layout-flex wp-block-buttons-is-layout-flex\">\n<div class=\"wp-block-button\"><a class=\"wp-block-button__link has-background wp-element-button\" href=\"https:\/\/edition-gl.de\/index.php\/projekte\/petrus-und-der-hahn-projekt\/petrus-2026-wurzburg\/\" style=\"background-color:#1b9f00\">PETRUS und der Hahn 2026 &#8211; Anmeldung W\u00fcrzburg<\/a><\/div>\n<\/div>\n\n\n\n<div class=\"wp-block-buttons is-layout-flex wp-block-buttons-is-layout-flex\">\n<div class=\"wp-block-button\"><a class=\"wp-block-button__link has-background wp-element-button\" style=\"background-color:#ebebeb\">Psalm 2016<\/a><\/div>\n<\/div>\n\n\n\n<div class=\"wp-block-buttons is-layout-flex wp-block-buttons-is-layout-flex\">\n<div class=\"wp-block-button\"><a class=\"wp-block-button__link has-background wp-element-button\" href=\"https:\/\/edition-gl.de\/index.php\/projekte\/die-sieben-gaben-projekt\/die-sieben-gaben-2026-anmeldung\/\" style=\"background-color:#2e9b00\">DIE SIEBEN GABEN 2026 Anmeldung K\u00f6ln<\/a><\/div>\n<\/div>\n\n\n\n<div style=\"height:25px\" aria-hidden=\"true\" class=\"wp-block-spacer\"><\/div>\n\n\n\n<p class=\"has-large-font-size\">Musikwallfahrt 2026<\/p>\n\n\n\n<div class=\"wp-block-buttons is-layout-flex wp-block-buttons-is-layout-flex\">\n<div class=\"wp-block-button\"><a class=\"wp-block-button__link has-base-2-color has-text-color has-background has-link-color wp-element-button\" href=\"https:\/\/edition-gl.de\/index.php\/musikwallfahrt-2026\/\" style=\"background-color:#359e00\"><strong>7 Tage 7 Lieder<\/strong> (SA 26.9.- SA 3.10.2026)<\/a><\/div>\n<\/div>\n\n\n\n<div style=\"height:47px\" aria-hidden=\"true\" class=\"wp-block-spacer\"><\/div>\n\n\n\n<p class=\"has-large-font-size\"><strong>Choralcanto<\/strong><\/p>\n\n\n\n<figure class=\"wp-block-image alignwide size-full\"><a href=\"https:\/\/edition-gl.de\/index.php\/projekte\/choralcanto\/\"><img loading=\"lazy\" decoding=\"async\" width=\"600\" height=\"150\" src=\"https:\/\/edition-gl.de\/wp-content\/uploads\/2025\/03\/Choralcanto_Banner1200.png\" alt=\"\" class=\"wp-image-976\" srcset=\"https:\/\/edition-gl.de\/wp-content\/uploads\/2025\/03\/Choralcanto_Banner1200.png 600w, https:\/\/edition-gl.de\/wp-content\/uploads\/2025\/03\/Choralcanto_Banner1200-360x90.png 360w\" sizes=\"auto, (max-width: 600px) 100vw, 600px\" \/><\/a><\/figure>\n\n\n\n<p id=\"block-4cdcd1f2-8f2c-48f6-9de6-b316b3a8124c\">Gregor Lin\u00dfen leitet ein st\u00e4ndiges Chorprojekt f\u00fcr seine Lieder in Neuss. Der Chor besteht derzeit aus etwa 35 Singenden. Diese kommen aus einem regionalen Dreieck zwischen K\u00f6ln, Krefeld und Essen.<\/p>\n\n\n\n<p id=\"block-0a913e53-0892-4af5-aa4c-835743db70ce\"><strong>Proben<\/strong><br><strong>donnerstags <\/strong>| <strong>19.45 Uhr c.t. &#8211; 21.30 Uhr <\/strong>|<strong> Hl. Dreik\u00f6nige<\/strong> | <strong>Neuss<\/strong><br>(au\u00dferhalb der Ferien)<\/p>\n\n\n\n<p id=\"block-b4ed7cb0-3881-435b-80f2-22bab6dd8fc4\">Der Choralcanto ist der Kernchor der Oratorien. Der Chor singt bis zu vier Gottesdienste und Konzerte in Neuss und immer wieder Konzerte in ganz Deutschland.<\/p>\n\n\n\n<p id=\"block-c38fc8c3-874e-4f0e-84fa-9dfad5239737\">Vorraussetzungen zum Mitsingen<br>&#8211; Einstiegsalter zwischen 18 und 55<br>&#8211; zuverl\u00e4ssige Probenteilnahme<br>&#8211; vorgesungene Melodie sauber nachsingen k\u00f6nnen<br>&#8211; Bereitschaft zum Reisen<br>&#8211; Chorbeitrag 10\u20ac je Halbjahr + Noten (Studenten frei)<\/p>\n\n\n\n<p id=\"block-653d8286-9288-4b7b-92ce-eeb76fcda5ce\">Kontakt: choralcanto@edition-gl.de<\/p>\n\n\n\n<div class=\"wp-block-buttons is-layout-flex wp-block-buttons-is-layout-flex\">\n<div class=\"wp-block-button\"><a class=\"wp-block-button__link wp-element-button\" href=\"https:\/\/edition-gl.de\/index.php\/projekte\/choralcanto\/\">weitere Infos zum Choralcanto<\/a><\/div>\n<\/div>\n\n\n\n<div style=\"height:100px\" aria-hidden=\"true\" class=\"wp-block-spacer\"><\/div>\n\n\n\n<p class=\"has-large-font-size\" id=\"block-e8d37d2d-a44f-42ff-b6d6-726a2eccafe2\"><strong>Workshops<\/strong> | Offenes Singen<\/p>\n\n\n\n<figure class=\"wp-block-image size-full\"><img loading=\"lazy\" decoding=\"async\" width=\"270\" height=\"202\" src=\"https:\/\/edition-gl.de\/wp-content\/uploads\/2025\/03\/14FFFDB6-3DDC-487D-9EC6-09A5BE09BD6F.jpg\" alt=\"\" class=\"wp-image-978\"\/><\/figure>\n\n\n\n<p id=\"block-0ad446f6-2cc2-44cf-aef1-b8dcce09c543\">Workshop <em>Perkussives Singen<\/em><\/p>\n\n\n\n<p id=\"block-75778783-ea86-4f50-8127-e41c82fb6027\">Workshop Lieder<\/p>\n\n\n\n<p id=\"block-ff702f06-8b71-4276-b298-de877a882f93\">Workshop Band<\/p>\n\n\n\n<p id=\"block-2b7eb13e-0a22-40af-938e-b2c0c280767b\"><strong>Chor- &amp; Bandcoachings<\/strong><\/p>\n\n\n\n<p id=\"block-514b0b4b-85de-48cf-8893-eaf177405e5a\">Chorcoaching<\/p>\n\n\n\n<p id=\"block-6d63cce5-16b0-47b8-9e0a-3dca5d933379\">Bandcoaching<\/p>\n\n\n\n<div class=\"wp-block-buttons is-layout-flex wp-block-buttons-is-layout-flex\">\n<div class=\"wp-block-button\"><a class=\"wp-block-button__link wp-element-button\" href=\"https:\/\/edition-gl.de\/index.php\/buchen\/\">Anfrage Workshop <\/a><\/div>\n<\/div>\n\n\n\n<p><\/p>\n","protected":false},"excerpt":{"rendered":"<p>Gregor Lin\u00dfen bietet f\u00fcr seine Oratorien und KonzertprogrammeIntensiv-Chortage und philosophische Reisen in der Art der Musikwallfahrten an, wie sie Leo Langer Ende 1998 erfunden hat:Auf dem Weg denkt man anders \u00fcber das Gehen nach und in der W\u00fcste anders \u00fcber die W\u00fcste. Oratorien-Projekte Musikwallfahrt 2026 Choralcanto Gregor Lin\u00dfen leitet ein st\u00e4ndiges Chorprojekt f\u00fcr seine Lieder [&hellip;]<\/p>\n","protected":false},"author":2,"featured_media":0,"parent":0,"menu_order":0,"comment_status":"closed","ping_status":"closed","template":"","meta":{"footnotes":""},"class_list":["post-599","page","type-page","status-publish","hentry"],"_links":{"self":[{"href":"https:\/\/edition-gl.de\/index.php\/wp-json\/wp\/v2\/pages\/599","targetHints":{"allow":["GET"]}}],"collection":[{"href":"https:\/\/edition-gl.de\/index.php\/wp-json\/wp\/v2\/pages"}],"about":[{"href":"https:\/\/edition-gl.de\/index.php\/wp-json\/wp\/v2\/types\/page"}],"author":[{"embeddable":true,"href":"https:\/\/edition-gl.de\/index.php\/wp-json\/wp\/v2\/users\/2"}],"replies":[{"embeddable":true,"href":"https:\/\/edition-gl.de\/index.php\/wp-json\/wp\/v2\/comments?post=599"}],"version-history":[{"count":29,"href":"https:\/\/edition-gl.de\/index.php\/wp-json\/wp\/v2\/pages\/599\/revisions"}],"predecessor-version":[{"id":1656,"href":"https:\/\/edition-gl.de\/index.php\/wp-json\/wp\/v2\/pages\/599\/revisions\/1656"}],"wp:attachment":[{"href":"https:\/\/edition-gl.de\/index.php\/wp-json\/wp\/v2\/media?parent=599"}],"curies":[{"name":"wp","href":"https:\/\/api.w.org\/{rel}","templated":true}]}}