{"id":574,"date":"2026-01-09T11:37:32","date_gmt":"2026-01-09T10:37:32","guid":{"rendered":"https:\/\/edition-gl.de\/?page_id=574"},"modified":"2026-02-02T19:16:01","modified_gmt":"2026-02-02T18:16:01","slug":"venimus-adorare-eum","status":"publish","type":"page","link":"https:\/\/edition-gl.de\/index.php\/lieder\/venimus-adorare-eum\/","title":{"rendered":"Venimus adorare eum"},"content":{"rendered":"\n<p class=\"has-large-font-size\">Venimus adorare eum <\/p>\n\n\n\n<p>Die offizielle Hymne zum Weltjugendtag 2005<\/p>\n\n\n\n<figure class=\"wp-block-embed is-type-video is-provider-youtube wp-block-embed-youtube wp-embed-aspect-4-3 wp-has-aspect-ratio\"><div class=\"wp-block-embed__wrapper\">\n<iframe loading=\"lazy\" title=\"Venimus adorare eum (Original) - Internationale Version der Weltjugendtagshymne 2005\" width=\"500\" height=\"375\" src=\"https:\/\/www.youtube.com\/embed\/yTqcEZZhvW0?feature=oembed\" frameborder=\"0\" allow=\"accelerometer; autoplay; clipboard-write; encrypted-media; gyroscope; picture-in-picture; web-share\" referrerpolicy=\"strict-origin-when-cross-origin\" allowfullscreen><\/iframe>\n<\/div><\/figure>\n\n\n\n<div style=\"height:41px\" aria-hidden=\"true\" class=\"wp-block-spacer\"><\/div>\n\n\n\n<p><strong>Noten<\/strong> <\/p>\n\n\n\n<p>Liedtext<\/p>\n\n\n\n<p>Liedtext mit Akkorden<\/p>\n\n\n\n<p>Liedblatt (deutsch)<\/p>\n\n\n\n<p>internationale Versionen<\/p>\n\n\n\n<p>Chorversion und Arrangement<\/p>\n\n\n\n<div style=\"height:50px\" aria-hidden=\"true\" class=\"wp-block-spacer\"><\/div>\n\n\n\n<p><strong>Entstehung<\/strong><\/p>\n\n\n\n<p>Die Hymne hat eine besondere Geschichte. 2004 war ein Lieder-Wettbewerb ausgeschrieben f\u00fcr Lieder zum Weltjugendtag in Deutschland. Gregor Lin\u00dfen beteiligte sich daran mit zwei Liedern. Das Lied <strong>SEHT DAS KREUZ<\/strong> kam bis in die Auswahl zum Weltjugendtags-Kreuz-Lied, das Lied <strong>KOMMT UND SEHT<\/strong> wurde f\u00fcr die Weltjugendtagshymne vorgeschlagen. Jedoch konnten sich die Entscheider in Rom f\u00fcr dieses Lied nicht begeistern, obwohl es in f\u00fcnf singbaren Sprachversionen bereits eingereicht wurde. Das Hauptargument: zu viele Worte im Refrain. &#8222;Kommt und seht, \u00fcber uns steht ein guter Stern. Gott ist hier.&#8220; Der Vorschlag kam also zur\u00fcck mit dem Auftrag an Gregor Lin\u00dfen das Lied zu \u00fcberarbeiten: vier Worte Deutsch im Refrain, die Struktur von K\u00f6nigen, Hirten und uns beibehalten und au\u00dferdem noch Brot und Wein einbauen, weil es das Jahr der Eucharistie sei. Und der Mottospruch soll 1:1 im Lied sein.<br>Was gibt es da zu \u00fcberarbeiten?<\/p>\n\n\n\n<p>Gregor Lin\u00dfen machte sich daraufhin neu an die Arbeit. Es entstand das Lied <strong>VENIMUS ADORARE EUM<\/strong> als offizielle Hymne zum Weltjugendtag 2005.<\/p>\n\n\n\n<p><\/p>\n","protected":false},"excerpt":{"rendered":"<p>Venimus adorare eum Die offizielle Hymne zum Weltjugendtag 2005 Noten Liedtext Liedtext mit Akkorden Liedblatt (deutsch) internationale Versionen Chorversion und Arrangement Entstehung Die Hymne hat eine besondere Geschichte. 2004 war ein Lieder-Wettbewerb ausgeschrieben f\u00fcr Lieder zum Weltjugendtag in Deutschland. Gregor Lin\u00dfen beteiligte sich daran mit zwei Liedern. Das Lied SEHT DAS KREUZ kam bis in [&hellip;]<\/p>\n","protected":false},"author":2,"featured_media":0,"parent":2,"menu_order":0,"comment_status":"closed","ping_status":"closed","template":"","meta":{"footnotes":""},"class_list":["post-574","page","type-page","status-publish","hentry"],"_links":{"self":[{"href":"https:\/\/edition-gl.de\/index.php\/wp-json\/wp\/v2\/pages\/574","targetHints":{"allow":["GET"]}}],"collection":[{"href":"https:\/\/edition-gl.de\/index.php\/wp-json\/wp\/v2\/pages"}],"about":[{"href":"https:\/\/edition-gl.de\/index.php\/wp-json\/wp\/v2\/types\/page"}],"author":[{"embeddable":true,"href":"https:\/\/edition-gl.de\/index.php\/wp-json\/wp\/v2\/users\/2"}],"replies":[{"embeddable":true,"href":"https:\/\/edition-gl.de\/index.php\/wp-json\/wp\/v2\/comments?post=574"}],"version-history":[{"count":3,"href":"https:\/\/edition-gl.de\/index.php\/wp-json\/wp\/v2\/pages\/574\/revisions"}],"predecessor-version":[{"id":1658,"href":"https:\/\/edition-gl.de\/index.php\/wp-json\/wp\/v2\/pages\/574\/revisions\/1658"}],"up":[{"embeddable":true,"href":"https:\/\/edition-gl.de\/index.php\/wp-json\/wp\/v2\/pages\/2"}],"wp:attachment":[{"href":"https:\/\/edition-gl.de\/index.php\/wp-json\/wp\/v2\/media?parent=574"}],"curies":[{"name":"wp","href":"https:\/\/api.w.org\/{rel}","templated":true}]}}