{"id":3,"date":"2024-10-03T10:04:31","date_gmt":"2024-10-03T08:04:31","guid":{"rendered":"http:\/\/wordpress.p678730.webspaceconfig.de\/?page_id=3"},"modified":"2025-08-13T20:25:49","modified_gmt":"2025-08-13T18:25:49","slug":"datenschutzerklaerung","status":"publish","type":"page","link":"https:\/\/edition-gl.de\/index.php\/datenschutzerklaerung\/","title":{"rendered":"Datenschutzerkl\u00e4rung"},"content":{"rendered":"\n<h2 class=\"wp-block-heading\">Wer wir sind<\/h2>\n\n\n\n<p>https:\/\/edition-gl.de ist die Webseite des Texter, Komponisten, Musiker und dipl. Ing. f\u00fcr Ton und Bild Gregor Lin\u00dfen<\/p>\n\n\n\n<h2 class=\"wp-block-heading\">Kommentare<\/h2>\n\n\n\n<p>Diese Seite ist nicht zur Kommunikation unter Teilnehmern von Workshops oder Besuchern von Konzerten gedacht und bietet keine Kommentarfunktion.<\/p>\n\n\n\n<h2 class=\"wp-block-heading\">Medien<\/h2>\n\n\n\n<p>Alle Bilder der Webseite werden mit Erlaubnis der Fotographen genutzt oder sind von Gregor Lin\u00dfen und dem EDITION GL Team gemacht.<\/p>\n\n\n\n<h2 class=\"wp-block-heading\">Cookies<\/h2>\n\n\n\n<p>Diese Seite setzt keine Cookies ein.<\/p>\n\n\n\n<h2 class=\"wp-block-heading\">Eingebettete Inhalte von anderen Websites<\/h2>\n\n\n\n<p>Beitr\u00e4ge auf dieser Website k\u00f6nnen eingebettete Inhalte beinhalten (z.&nbsp;B. Videos, Bilder, Beitr\u00e4ge etc.). Eingebettete Inhalte von anderen Websites verhalten sich exakt so, als ob der Besucher die andere Website besucht h\u00e4tte.<\/p>\n\n\n\n<p>vimeo (nutzt google analytics)<\/p>\n\n\n\n<p>Brevo (verwaltet die Userdaten der Newsletterempf\u00e4nger)<br>Die Userdaten sind bis zum Einschreiben in den Newsletter geblockt.<\/p>\n\n\n\n<p>Diese Websites k\u00f6nnen Daten \u00fcber dich sammeln, Cookies benutzen, zus\u00e4tzliche Tracking-Dienste von Dritten einbetten und deine Interaktion mit diesem eingebetteten Inhalt aufzeichnen, inklusive deiner Interaktion mit dem eingebetteten Inhalt, falls du ein Konto hast und auf dieser Website angemeldet bist.<\/p>\n\n\n\n<p><\/p>\n","protected":false},"excerpt":{"rendered":"<p>Wer wir sind https:\/\/edition-gl.de ist die Webseite des Texter, Komponisten, Musiker und dipl. Ing. f\u00fcr Ton und Bild Gregor Lin\u00dfen Kommentare Diese Seite ist nicht zur Kommunikation unter Teilnehmern von Workshops oder Besuchern von Konzerten gedacht und bietet keine Kommentarfunktion. Medien Alle Bilder der Webseite werden mit Erlaubnis der Fotographen genutzt oder sind von Gregor [&hellip;]<\/p>\n","protected":false},"author":2,"featured_media":0,"parent":0,"menu_order":0,"comment_status":"closed","ping_status":"open","template":"","meta":{"footnotes":""},"class_list":["post-3","page","type-page","status-publish","hentry"],"_links":{"self":[{"href":"https:\/\/edition-gl.de\/index.php\/wp-json\/wp\/v2\/pages\/3","targetHints":{"allow":["GET"]}}],"collection":[{"href":"https:\/\/edition-gl.de\/index.php\/wp-json\/wp\/v2\/pages"}],"about":[{"href":"https:\/\/edition-gl.de\/index.php\/wp-json\/wp\/v2\/types\/page"}],"author":[{"embeddable":true,"href":"https:\/\/edition-gl.de\/index.php\/wp-json\/wp\/v2\/users\/2"}],"replies":[{"embeddable":true,"href":"https:\/\/edition-gl.de\/index.php\/wp-json\/wp\/v2\/comments?post=3"}],"version-history":[{"count":3,"href":"https:\/\/edition-gl.de\/index.php\/wp-json\/wp\/v2\/pages\/3\/revisions"}],"predecessor-version":[{"id":1236,"href":"https:\/\/edition-gl.de\/index.php\/wp-json\/wp\/v2\/pages\/3\/revisions\/1236"}],"wp:attachment":[{"href":"https:\/\/edition-gl.de\/index.php\/wp-json\/wp\/v2\/media?parent=3"}],"curies":[{"name":"wp","href":"https:\/\/api.w.org\/{rel}","templated":true}]}}

Datenschutzerklärung

<h2 class="wp-block-heading">Wer wir sind</h2>



<p>https://edition-gl.de ist die Webseite des Texter, Komponisten, Musiker und dipl. Ing. für Ton und Bild Gregor Linßen</p>



<h2 class="wp-block-heading">Kommentare</h2>



<p>Diese Seite ist nicht zur Kommunikation unter Teilnehmern von Workshops oder Besuchern von Konzerten gedacht und bietet keine Kommentarfunktion.</p>



<h2 class="wp-block-heading">Medien</h2>



<p>Alle Bilder der Webseite werden mit Erlaubnis der Fotographen genutzt oder sind von Gregor Linßen und dem EDITION GL Team gemacht.</p>



<h2 class="wp-block-heading">Cookies</h2>



<p>Diese Seite setzt keine Cookies ein.</p>



<h2 class="wp-block-heading">Eingebettete Inhalte von anderen Websites</h2>



<p>Beiträge auf dieser Website können eingebettete Inhalte beinhalten (z.&nbsp;B. Videos, Bilder, Beiträge etc.). Eingebettete Inhalte von anderen Websites verhalten sich exakt so, als ob der Besucher die andere Website besucht hätte.</p>



<p>vimeo (nutzt google analytics)</p>



<p>Brevo (verwaltet die Userdaten der Newsletterempfänger)<br>Die Userdaten sind bis zum Einschreiben in den Newsletter geblockt.</p>



<p>Diese Websites können Daten über dich sammeln, Cookies benutzen, zusätzliche Tracking-Dienste von Dritten einbetten und deine Interaktion mit diesem eingebetteten Inhalt aufzeichnen, inklusive deiner Interaktion mit dem eingebetteten Inhalt, falls du ein Konto hast und auf dieser Website angemeldet bist.</p>



<p></p>

<p>Wer wir sind https://edition-gl.de ist die Webseite des Texter, Komponisten, Musiker und dipl. Ing. für Ton und Bild Gregor Linßen Kommentare Diese Seite ist nicht zur Kommunikation unter Teilnehmern von Workshops oder Besuchern von Konzerten gedacht und bietet keine Kommentarfunktion. Medien Alle Bilder der Webseite werden mit Erlaubnis der Fotographen genutzt oder sind von Gregor [&hellip;]</p>
