{"id":27,"date":"2024-10-03T12:56:35","date_gmt":"2024-10-03T10:56:35","guid":{"rendered":"https:\/\/wordpress.p678730.webspaceconfig.de\/?page_id=27"},"modified":"2025-10-31T09:13:00","modified_gmt":"2025-10-31T08:13:00","slug":"shop","status":"publish","type":"page","link":"https:\/\/edition-gl.de\/index.php\/shop\/","title":{"rendered":"Shop"},"content":{"rendered":"\n<figure class=\"wp-block-image size-large\"><img loading=\"lazy\" decoding=\"async\" width=\"1024\" height=\"256\" src=\"http:\/\/edition-gl.de\/wp-content\/uploads\/2024\/10\/Banner2400_Produktionen-1024x256.gif\" alt=\"\" class=\"wp-image-218\" srcset=\"https:\/\/edition-gl.de\/wp-content\/uploads\/2024\/10\/Banner2400_Produktionen-1024x256.gif 1024w, https:\/\/edition-gl.de\/wp-content\/uploads\/2024\/10\/Banner2400_Produktionen-300x75.gif 300w, https:\/\/edition-gl.de\/wp-content\/uploads\/2024\/10\/Banner2400_Produktionen-768x192.gif 768w, https:\/\/edition-gl.de\/wp-content\/uploads\/2024\/10\/Banner2400_Produktionen-1536x384.gif 1536w, https:\/\/edition-gl.de\/wp-content\/uploads\/2024\/10\/Banner2400_Produktionen-2048x512.gif 2048w\" sizes=\"auto, (max-width: 1024px) 100vw, 1024px\" \/><\/figure>\n\n\n\n<div style=\"height:42px\" aria-hidden=\"true\" class=\"wp-block-spacer\"><\/div>\n\n\n\n<h2 class=\"wp-block-heading\">EDITION GL shop<\/h2>\n\n\n\n<p class=\"wp-elements-d6e896814481698097b5ae907e557ad8\"><a href=\"https:\/\/edition-gl.de\/?page_id=556\" data-type=\"page\" data-id=\"556\"><strong>Video- \/K\u00fcnstlerpatenschaft<\/strong> <br><\/a>Werden Sie regelm\u00e4\u00dfiger Unterst\u00fctzer des Werks von Gregor Lin\u00dfen<br>Sie erhalten neben dem jeweiligen Video in werbefreier Version auch die  Textdatei, Leadsheet und Klavierbegleitung und die Entstehungsgeschichte.<br>5,00 \u20ac je neu entstandenem Musikvideo<\/p>\n\n\n\n<div class=\"wp-block-buttons is-layout-flex wp-block-buttons-is-layout-flex\">\n<div class=\"wp-block-button\"><a class=\"wp-block-button__link wp-element-button\" href=\"https:\/\/edition-gl.de\/index.php\/songvideo\/\">Videopate werden<\/a><\/div>\n<\/div>\n\n\n\n<div style=\"height:26px\" aria-hidden=\"true\" class=\"wp-block-spacer\"><\/div>\n\n\n\n<p><strong><a href=\"https:\/\/edition-gl.de\/index.php\/shop\/verlagskopie\/\" data-type=\"page\" data-id=\"840\">Autorisierte Verlagskopie der Chorversionen<\/a><\/strong><br>Jedes Lied ist in einer Chorversion als autorisierte Verlagskopie erh\u00e4ltlich<br>1,00\u20ac x Chorst\u00e4rke Verlagskopien einzelner Lieder (pro 4 Seiten).<\/p>\n\n\n\n<div class=\"wp-block-buttons is-layout-flex wp-block-buttons-is-layout-flex\">\n<div class=\"wp-block-button\"><a class=\"wp-block-button__link wp-element-button\" href=\"https:\/\/edition-gl.de\/index.php\/shop\/verlagskopie\/\">Verlagskopien bestellen<\/a><\/div>\n<\/div>\n\n\n\n<div style=\"height:29px\" aria-hidden=\"true\" class=\"wp-block-spacer\"><\/div>\n\n\n\n<h2 class=\"wp-block-heading\">Tontr\u00e4ger und Noten<\/h2>\n\n\n\n<p>Informationen zu den Titel finden sie <a href=\"https:\/\/edition-gl.de\/index.php\/lieder\/\" data-type=\"page\" data-id=\"2\">hier<\/a>:<\/p>\n\n\n\n<p>Hiermit bestelle ich verbindlich folgende Artikel:<\/p>\n\n\n\n<div class=\"wp-block-contact-form-7-contact-form-selector\">\n<div class=\"wpcf7 no-js\" id=\"wpcf7-f847-o1\" lang=\"de-DE\" dir=\"ltr\" data-wpcf7-id=\"847\">\n<div class=\"screen-reader-response\"><p role=\"status\" aria-live=\"polite\" aria-atomic=\"true\"><\/p> <ul><\/ul><\/div>\n<form action=\"\/index.php\/wp-json\/wp\/v2\/pages\/27#wpcf7-f847-o1\" method=\"post\" class=\"wpcf7-form init\" aria-label=\"Kontaktformular\" novalidate=\"novalidate\" data-status=\"init\">\n<fieldset class=\"hidden-fields-container\"><input type=\"hidden\" name=\"_wpcf7\" value=\"847\" \/><input type=\"hidden\" name=\"_wpcf7_version\" value=\"6.1.5\" \/><input type=\"hidden\" name=\"_wpcf7_locale\" value=\"de_DE\" \/><input type=\"hidden\" name=\"_wpcf7_unit_tag\" value=\"wpcf7-f847-o1\" \/><input type=\"hidden\" name=\"_wpcf7_container_post\" value=\"0\" \/><input type=\"hidden\" name=\"_wpcf7_posted_data_hash\" value=\"\" \/><input type=\"hidden\" name=\"_wpcf7_recaptcha_response\" value=\"\" \/>\n<\/fieldset>\n<p>Lied vom Licht<br \/>\n<span class=\"wpcf7-form-control-wrap\" data-name=\"LvLcdAnzahl\"><input class=\"wpcf7-form-control wpcf7-number wpcf7-validates-as-number\" aria-invalid=\"false\" value=\"\" type=\"number\" name=\"LvLcdAnzahl\" \/><\/span> CD (15,- \u20ac)<br \/>\n<span class=\"wpcf7-form-control-wrap\" data-name=\"LvLcpAnzahl\"><input class=\"wpcf7-form-control wpcf7-number wpcf7-validates-as-number\" aria-invalid=\"false\" value=\"\" type=\"number\" name=\"LvLcpAnzahl\" \/><\/span> Chorpartitur (5,- \u20ac)<br \/>\n<span class=\"wpcf7-form-control-wrap\" data-name=\"LvLgpAnzahl\"><input class=\"wpcf7-form-control wpcf7-number wpcf7-validates-as-number\" aria-invalid=\"false\" value=\"\" type=\"number\" name=\"LvLgpAnzahl\" \/><\/span> Gesamtpartitur (Ringbuch DIN A4 35,- \u20ac)<br \/>\n<span class=\"wpcf7-form-control-wrap\" data-name=\"LvLo\"><input class=\"wpcf7-form-control wpcf7-number wpcf7-validates-as-number\" aria-invalid=\"false\" value=\"\" type=\"number\" name=\"LvLo\" \/><\/span> Orchesterpaket (70,- \u20ac)\n<\/p>\n<p>Spuren der Einen Welt (CD und Chorpartitur vergriffen)<br \/>\n<span class=\"wpcf7-form-control-wrap\" data-name=\"SdEWcdAnzahl\"><input class=\"wpcf7-form-control wpcf7-number wpcf7-validates-as-number\" aria-invalid=\"false\" value=\"\" type=\"number\" name=\"SdEWcdAnzahl\" \/><\/span> mp3 Download (10,- \u20ac)<br \/>\n<span class=\"wpcf7-form-control-wrap\" data-name=\"SdEWcpAnzahl\"><input class=\"wpcf7-form-control wpcf7-number wpcf7-validates-as-number\" aria-invalid=\"false\" value=\"\" type=\"number\" name=\"SdEWcpAnzahl\" \/><\/span> Chorpartitur als autorisierte pdf (5,- \u20ac)\n<\/p>\n<p>Verm\u00e4chtnis eines Freundes<br \/>\n<span class=\"wpcf7-form-control-wrap\" data-name=\"VeFcdAnzahl\"><input class=\"wpcf7-form-control wpcf7-number wpcf7-validates-as-number\" aria-invalid=\"false\" value=\"\" type=\"number\" name=\"VeFcdAnzahl\" \/><\/span> CD (15,-)<br \/>\n<span class=\"wpcf7-form-control-wrap\" data-name=\"VeFcpAnzahl\"><input class=\"wpcf7-form-control wpcf7-number wpcf7-validates-as-number\" aria-invalid=\"false\" value=\"\" type=\"number\" name=\"VeFcpAnzahl\" \/><\/span> Chorpartitur (7,50 \u20ac)\n<\/p>\n<p>Die Dauer des Augenblicks<br \/>\n<span class=\"wpcf7-form-control-wrap\" data-name=\"DDdAcdAnzahl\"><input class=\"wpcf7-form-control wpcf7-number wpcf7-validates-as-number\" aria-invalid=\"false\" value=\"\" type=\"number\" name=\"DDdAcdAnzahl\" \/><\/span> CD (15,- \u20ac)<br \/>\n<span class=\"wpcf7-form-control-wrap\" data-name=\"DDdAcpAnzahl\"><input class=\"wpcf7-form-control wpcf7-number wpcf7-validates-as-number\" aria-invalid=\"false\" value=\"\" type=\"number\" name=\"DDdAcpAnzahl\" \/><\/span> Chorpartitur (7,50 \u20ac)\n<\/p>\n<p>Tausend Jahre wie ein Tag (CD vergriffen)<br \/>\n<span class=\"wpcf7-form-control-wrap\" data-name=\"TJeTcdAnzahl\"><input class=\"wpcf7-form-control wpcf7-number wpcf7-validates-as-number\" aria-invalid=\"false\" value=\"\" type=\"number\" name=\"TJeTcdAnzahl\" \/><\/span> mp3 Download (10,- \u20ac)<br \/>\n<span class=\"wpcf7-form-control-wrap\" data-name=\"TJeTcpAnzahl\"><input class=\"wpcf7-form-control wpcf7-number wpcf7-validates-as-number\" aria-invalid=\"false\" value=\"\" type=\"number\" name=\"TJeTcpAnzahl\" \/><\/span> Chorpartitur (7,50 \u20ac)\n<\/p>\n<p>Kommt und seht<br \/>\nCD noch nicht erh\u00e4ltlich<br \/>\n<span class=\"wpcf7-form-control-wrap\" data-name=\"KuScpAnzahl\"><input class=\"wpcf7-form-control wpcf7-number wpcf7-validates-as-number\" aria-invalid=\"false\" value=\"\" type=\"number\" name=\"KuScpAnzahl\" \/><\/span>Chorpartitur (7,50 \u20ac)\n<\/p>\n<p>Die SPUR von morgen<br \/>\n<span class=\"wpcf7-form-control-wrap\" data-name=\"DSvmCDAnzahl\"><input class=\"wpcf7-form-control wpcf7-number wpcf7-validates-as-number\" aria-invalid=\"false\" value=\"\" type=\"number\" name=\"DSvmCDAnzahl\" \/><\/span> mp3 Download (10,- \u20ac)<br \/>\n<span class=\"wpcf7-form-control-wrap\" data-name=\"DSvmCPanzahl\"><input class=\"wpcf7-form-control wpcf7-number wpcf7-validates-as-number\" aria-invalid=\"false\" value=\"\" type=\"number\" name=\"DSvmCPanzahl\" \/><\/span> Chorpartitur (15,- \u20ac)<br \/>\n<span class=\"wpcf7-form-control-wrap\" data-name=\"DSvmKAanzahl\"><input class=\"wpcf7-form-control wpcf7-number wpcf7-validates-as-number\" aria-invalid=\"false\" value=\"\" type=\"number\" name=\"DSvmKAanzahl\" \/><\/span> Klavierstimme (Ringbuch 20,-\u20ac)<br \/>\n<span class=\"wpcf7-form-control-wrap\" data-name=\"DSvmGPanzhl\"><input class=\"wpcf7-form-control wpcf7-number wpcf7-validates-as-number\" aria-invalid=\"false\" value=\"\" type=\"number\" name=\"DSvmGPanzhl\" \/><\/span> Gesamtpartitur (Ringbuch DIN A3 75,- \u20ac)<br \/>\n<span class=\"wpcf7-form-control-wrap\" data-name=\"DSvmOanzahl\"><input class=\"wpcf7-form-control wpcf7-number wpcf7-validates-as-number\" aria-invalid=\"false\" value=\"\" type=\"number\" name=\"DSvmOanzahl\" \/><\/span> Orcherstersatz (50,- \u20ac)\n<\/p>\n<p>ADAM<br \/>\n<span class=\"wpcf7-form-control-wrap\" data-name=\"ADAMcdAnzahl\"><input class=\"wpcf7-form-control wpcf7-number wpcf7-validates-as-number\" aria-invalid=\"false\" value=\"\" type=\"number\" name=\"ADAMcdAnzahl\" \/><\/span> Doppel-CD (22,- \u20ac)<br \/>\n<span class=\"wpcf7-form-control-wrap\" data-name=\"ADAMcpAnzahl\"><input class=\"wpcf7-form-control wpcf7-number wpcf7-validates-as-number\" aria-invalid=\"false\" value=\"\" type=\"number\" name=\"ADAMcpAnzahl\" \/><\/span> Chorpartitur (gebundene Ausgabe 18,- \u20ac)<br \/>\n<span class=\"wpcf7-form-control-wrap\" data-name=\"ADAMkaAnzahl\"><input class=\"wpcf7-form-control wpcf7-number wpcf7-validates-as-number\" aria-invalid=\"false\" value=\"\" type=\"number\" name=\"ADAMkaAnzahl\" \/><\/span> Klavierstimme (Ringbuch 20,-\u20ac)<br \/>\n<span class=\"wpcf7-form-control-wrap\" data-name=\"ADAMgpAnzahl\"><input class=\"wpcf7-form-control wpcf7-number wpcf7-validates-as-number\" aria-invalid=\"false\" value=\"\" type=\"number\" name=\"ADAMgpAnzahl\" \/><\/span> Gesamtpartitur (Ringbuch DIN A3 75,- \u20ac)<br \/>\n<span class=\"wpcf7-form-control-wrap\" data-name=\"ADAMoAnzahl\"><input class=\"wpcf7-form-control wpcf7-number wpcf7-validates-as-number\" aria-invalid=\"false\" value=\"\" type=\"number\" name=\"ADAMoAnzahl\" \/><\/span> Orcherstersatz (70,- \u20ac)\n<\/p>\n<p>PETRUS UND DER HAHN<br \/>\n<span class=\"wpcf7-form-control-wrap\" data-name=\"PudHcdAnzahl\"><input class=\"wpcf7-form-control wpcf7-number wpcf7-validates-as-number\" aria-invalid=\"false\" value=\"\" type=\"number\" name=\"PudHcdAnzahl\" \/><\/span> Doppel-CD (22,- \u20ac)<br \/>\n<span class=\"wpcf7-form-control-wrap\" data-name=\"PudHcpAnzahl\"><input class=\"wpcf7-form-control wpcf7-number wpcf7-validates-as-number\" aria-invalid=\"false\" value=\"\" type=\"number\" name=\"PudHcpAnzahl\" \/><\/span> Chorpartitur (15,- \u20ac)<br \/>\n<span class=\"wpcf7-form-control-wrap\" data-name=\"PudHkaAnzahl\"><input class=\"wpcf7-form-control wpcf7-number wpcf7-validates-as-number\" aria-invalid=\"false\" value=\"\" type=\"number\" name=\"PudHkaAnzahl\" \/><\/span> Klavierstimme (Ringbuch 20,-\u20ac)<br \/>\n<span class=\"wpcf7-form-control-wrap\" data-name=\"PudHgpAnzahl\"><input class=\"wpcf7-form-control wpcf7-number wpcf7-validates-as-number\" aria-invalid=\"false\" value=\"\" type=\"number\" name=\"PudHgpAnzahl\" \/><\/span> Gesamtpartitur (Ringbuch DIN A3 75,- \u20ac)<br \/>\n<span class=\"wpcf7-form-control-wrap\" data-name=\"PudHoAnzahl\"><input class=\"wpcf7-form-control wpcf7-number wpcf7-validates-as-number\" aria-invalid=\"false\" value=\"\" type=\"number\" name=\"PudHoAnzahl\" \/><\/span> Orchestersatz (70,- \u20ac)\n<\/p>\n<p>Rede und Antwort (Oratorien-Trilogie)<br \/>\n<span class=\"wpcf7-form-control-wrap\" data-name=\"RuAcpAnzahl\"><input class=\"wpcf7-form-control wpcf7-number wpcf7-validates-as-number\" aria-invalid=\"false\" value=\"\" type=\"number\" name=\"RuAcpAnzahl\" \/><\/span> Chorpartitur (10,- \u20ac Die Gemeindelieder aus der Trilogie)<br \/>\n<span class=\"wpcf7-form-control-wrap\" data-name=\"RuAbAnzahl\"><input class=\"wpcf7-form-control wpcf7-number wpcf7-validates-as-number\" aria-invalid=\"false\" value=\"\" type=\"number\" name=\"RuAbAnzahl\" \/><\/span> Regiebuch (10,- \u20ac Die Geschichte von Pater und Sprayer)\n<\/p>\n<p>PSALM 2026<br \/>\nCD noch nicht erh\u00e4ltlich<br \/>\n<span class=\"wpcf7-form-control-wrap\" data-name=\"PS16cpAnzahl\"><input class=\"wpcf7-form-control wpcf7-number wpcf7-validates-as-number\" aria-invalid=\"false\" value=\"\" type=\"number\" name=\"PS16cpAnzahl\" \/><\/span> Chorpartitur (gebundene Ausgabe 18,- \u20ac)<br \/>\n<span class=\"wpcf7-form-control-wrap\" data-name=\"PS16kaAnzahl\"><input class=\"wpcf7-form-control wpcf7-number wpcf7-validates-as-number\" aria-invalid=\"false\" value=\"\" type=\"number\" name=\"PS16kaAnzahl\" \/><\/span> Klavierstimme (Ringbuch 20,-\u20ac)<br \/>\n<span class=\"wpcf7-form-control-wrap\" data-name=\"PS16gpAnzahl\"><input class=\"wpcf7-form-control wpcf7-number wpcf7-validates-as-number\" aria-invalid=\"false\" value=\"\" type=\"number\" name=\"PS16gpAnzahl\" \/><\/span> Gesamtpartitur (Ringbuch DIN A3 75,- \u20ac)<br \/>\n<span class=\"wpcf7-form-control-wrap\" data-name=\"PS16oAnzahl\"><input class=\"wpcf7-form-control wpcf7-number wpcf7-validates-as-number\" aria-invalid=\"false\" value=\"\" type=\"number\" name=\"PS16oAnzahl\" \/><\/span> Orchestersatz (70,- \u20ac)\n<\/p>\n<p>DIE SIEBEN GABEN<br \/>\nCD noch nicht erh\u00e4ltlich<br \/>\n<span class=\"wpcf7-form-control-wrap\" data-name=\"DsGcpAnzahl\"><input class=\"wpcf7-form-control wpcf7-number wpcf7-validates-as-number\" aria-invalid=\"false\" value=\"\" type=\"number\" name=\"DsGcpAnzahl\" \/><\/span> Chorpartitur (gebundene Ausgabe 18,- \u20ac)<br \/>\n<span class=\"wpcf7-form-control-wrap\" data-name=\"DsGkaAnzahl\"><input class=\"wpcf7-form-control wpcf7-number wpcf7-validates-as-number\" aria-invalid=\"false\" value=\"\" type=\"number\" name=\"DsGkaAnzahl\" \/><\/span> Klavierstimme (Ringbuch 20,-\u20ac)<br \/>\n<span class=\"wpcf7-form-control-wrap\" data-name=\"DsGgpAnzahl\"><input class=\"wpcf7-form-control wpcf7-number wpcf7-validates-as-number\" aria-invalid=\"false\" value=\"\" type=\"number\" name=\"DsGgpAnzahl\" \/><\/span> Gesamtpartitur (Ringbuch DIN A3 75,- \u20ac)<br \/>\n<span class=\"wpcf7-form-control-wrap\" data-name=\"DsGoAnzahl\"><input class=\"wpcf7-form-control wpcf7-number wpcf7-validates-as-number\" aria-invalid=\"false\" value=\"\" type=\"number\" name=\"DsGoAnzahl\" \/><\/span> Orchestersatz (70,- \u20ac)\n<\/p>\n<p>Perkussives Singen<br \/>\n<span class=\"wpcf7-form-control-wrap\" data-name=\"PercSbAnzahl\"><input class=\"wpcf7-form-control wpcf7-number wpcf7-validates-as-number\" aria-invalid=\"false\" value=\"\" type=\"number\" name=\"PercSbAnzahl\" \/><\/span> Buch (10 - \u20ac Artikulationsschule f\u00fcr den Gesang)\n<\/p>\n<p>Versandkosten zum Selbstkostenpreis von Porto und Verpackung:<br \/>\nbis 500g 2,50 \u20ac<br \/>\nbis 1000g 3,50 \u20ac<br \/>\nbis 2kg 5,00 \u20ac\n<\/p>\n<p><span class=\"wpcf7-form-control-wrap\" data-name=\"Rabatt\"><span class=\"wpcf7-form-control wpcf7-checkbox\"><span class=\"wpcf7-list-item first\"><label><input type=\"checkbox\" name=\"Rabatt[]\" value=\"Ich m\u00f6chte ein Angebot zur Lieferung einer Chorbestellung.\" \/><span class=\"wpcf7-list-item-label\">Ich m\u00f6chte ein Angebot zur Lieferung einer Chorbestellung.<\/span><\/label><\/span><span class=\"wpcf7-list-item last\"><label><input type=\"checkbox\" name=\"Rabatt[]\" value=\"Notenbestellung im Zusammenhang mit einer Workshopbuchung.\" \/><span class=\"wpcf7-list-item-label\">Notenbestellung im Zusammenhang mit einer Workshopbuchung.<\/span><\/label><\/span><\/span><\/span>\n<\/p>\n<p><label> Dein Name<br \/>\n<span class=\"wpcf7-form-control-wrap\" data-name=\"your-name\"><input size=\"40\" maxlength=\"400\" class=\"wpcf7-form-control wpcf7-text wpcf7-validates-as-required\" autocomplete=\"name\" aria-required=\"true\" aria-invalid=\"false\" value=\"\" type=\"text\" name=\"your-name\" \/><\/span> <\/label>\n<\/p>\n<p>Gemeinde\/Chor <span class=\"wpcf7-form-control-wrap\" data-name=\"Firma\"><input size=\"40\" maxlength=\"400\" class=\"wpcf7-form-control wpcf7-text\" aria-invalid=\"false\" value=\"\" type=\"text\" name=\"Firma\" \/><\/span><br \/>\nAdresse <span class=\"wpcf7-form-control-wrap\" data-name=\"Adresse\"><input size=\"40\" maxlength=\"400\" class=\"wpcf7-form-control wpcf7-text wpcf7-validates-as-required\" aria-required=\"true\" aria-invalid=\"false\" value=\"\" type=\"text\" name=\"Adresse\" \/><\/span><br \/>\nPLZ+Ort <span class=\"wpcf7-form-control-wrap\" data-name=\"PLZ\"><input size=\"40\" maxlength=\"400\" class=\"wpcf7-form-control wpcf7-text wpcf7-validates-as-required\" aria-required=\"true\" aria-invalid=\"false\" value=\"\" type=\"text\" name=\"PLZ\" \/><\/span><span class=\"wpcf7-form-control-wrap\" data-name=\"Ort\"><input size=\"40\" maxlength=\"400\" class=\"wpcf7-form-control wpcf7-text wpcf7-validates-as-required\" aria-required=\"true\" aria-invalid=\"false\" value=\"\" type=\"text\" name=\"Ort\" \/><\/span>\n<\/p>\n<p><label> Deine E-Mail-Adresse<br \/>\n<span class=\"wpcf7-form-control-wrap\" data-name=\"your-email\"><input size=\"40\" maxlength=\"400\" class=\"wpcf7-form-control wpcf7-email wpcf7-validates-as-required wpcf7-text wpcf7-validates-as-email\" autocomplete=\"email\" aria-required=\"true\" aria-invalid=\"false\" value=\"\" type=\"email\" name=\"your-email\" \/><\/span> <\/label>\n<\/p>\n<p><label> Deine Nachricht (optional)<br \/>\n<span class=\"wpcf7-form-control-wrap\" data-name=\"your-message\"><textarea cols=\"40\" rows=\"10\" maxlength=\"2000\" class=\"wpcf7-form-control wpcf7-textarea\" aria-invalid=\"false\" name=\"your-message\"><\/textarea><\/span> <\/label>\n<\/p>\n<p><input class=\"wpcf7-form-control wpcf7-submit has-spinner\" type=\"submit\" value=\"Senden\" \/>\n<\/p><div class=\"wpcf7-response-output\" aria-hidden=\"true\"><\/div>\n<\/form>\n<\/div>\n<\/div>\n\n\n\n<p>Aus Umweltschutz sind Noten und CDs sind nich in Folie eingeschwei\u00dft.  Noten sind wegen ihres fehlenden Kopierschutzes <span style=\"text-decoration: underline;\">nicht<\/span> retournierbar. <br>Gleiches gilt f\u00fcr CDs. Bitte melden Sie sich dennoch ggf. gerne per Mail. <br>Wir finden eine L\u00f6sung.<br><\/p>\n\n\n\n<div style=\"height:21px\" aria-hidden=\"true\" class=\"wp-block-spacer\"><\/div>\n\n\n\n<p><\/p>\n","protected":false},"excerpt":{"rendered":"<p>EDITION GL shop Video- \/K\u00fcnstlerpatenschaft Werden Sie regelm\u00e4\u00dfiger Unterst\u00fctzer des Werks von Gregor Lin\u00dfenSie erhalten neben dem jeweiligen Video in werbefreier Version auch die Textdatei, Leadsheet und Klavierbegleitung und die Entstehungsgeschichte.5,00 \u20ac je neu entstandenem Musikvideo Autorisierte Verlagskopie der ChorversionenJedes Lied ist in einer Chorversion als autorisierte Verlagskopie erh\u00e4ltlich1,00\u20ac x Chorst\u00e4rke Verlagskopien einzelner Lieder (pro [&hellip;]<\/p>\n","protected":false},"author":2,"featured_media":0,"parent":0,"menu_order":0,"comment_status":"closed","ping_status":"closed","template":"","meta":{"footnotes":""},"class_list":["post-27","page","type-page","status-publish","hentry"],"_links":{"self":[{"href":"https:\/\/edition-gl.de\/index.php\/wp-json\/wp\/v2\/pages\/27","targetHints":{"allow":["GET"]}}],"collection":[{"href":"https:\/\/edition-gl.de\/index.php\/wp-json\/wp\/v2\/pages"}],"about":[{"href":"https:\/\/edition-gl.de\/index.php\/wp-json\/wp\/v2\/types\/page"}],"author":[{"embeddable":true,"href":"https:\/\/edition-gl.de\/index.php\/wp-json\/wp\/v2\/users\/2"}],"replies":[{"embeddable":true,"href":"https:\/\/edition-gl.de\/index.php\/wp-json\/wp\/v2\/comments?post=27"}],"version-history":[{"count":20,"href":"https:\/\/edition-gl.de\/index.php\/wp-json\/wp\/v2\/pages\/27\/revisions"}],"predecessor-version":[{"id":1414,"href":"https:\/\/edition-gl.de\/index.php\/wp-json\/wp\/v2\/pages\/27\/revisions\/1414"}],"wp:attachment":[{"href":"https:\/\/edition-gl.de\/index.php\/wp-json\/wp\/v2\/media?parent=27"}],"curies":[{"name":"wp","href":"https:\/\/api.w.org\/{rel}","templated":true}]}}