{"id":1827,"date":"2026-04-14T14:02:15","date_gmt":"2026-04-14T12:02:15","guid":{"rendered":"https:\/\/edition-gl.de\/?page_id=1827"},"modified":"2026-04-14T14:18:52","modified_gmt":"2026-04-14T12:18:52","slug":"visionair-jg","status":"publish","type":"page","link":"https:\/\/edition-gl.de\/index.php\/buchen\/vision\/visionair-jg\/","title":{"rendered":"VISIONair &#8211; JG"},"content":{"rendered":"\n<p>JANNE GRONEN<\/p>\n\n\n\n<p><strong>Du und ich<\/strong><\/p>\n\n\n\n<p class=\"has-small-font-size\">Textinstallation |&nbsp;Banner 212,5 cm x 85 cm<\/p>\n\n\n\n<figure class=\"wp-block-image size-large is-resized\"><img loading=\"lazy\" decoding=\"async\" width=\"481\" height=\"1024\" src=\"https:\/\/edition-gl.de\/wp-content\/uploads\/2026\/04\/duUNDich_web-1-481x1024.jpg\" alt=\"\" class=\"wp-image-1828\" style=\"width:620px;height:auto\" srcset=\"https:\/\/edition-gl.de\/wp-content\/uploads\/2026\/04\/duUNDich_web-1-481x1024.jpg 481w, https:\/\/edition-gl.de\/wp-content\/uploads\/2026\/04\/duUNDich_web-1-169x360.jpg 169w, https:\/\/edition-gl.de\/wp-content\/uploads\/2026\/04\/duUNDich_web-1-768x1634.jpg 768w, https:\/\/edition-gl.de\/wp-content\/uploads\/2026\/04\/duUNDich_web-1-722x1536.jpg 722w, https:\/\/edition-gl.de\/wp-content\/uploads\/2026\/04\/duUNDich_web-1-963x2048.jpg 963w, https:\/\/edition-gl.de\/wp-content\/uploads\/2026\/04\/duUNDich_web-1.jpg 1200w\" sizes=\"auto, (max-width: 481px) 100vw, 481px\" \/><\/figure>\n\n\n\n<p>Das Gedicht DU UND ICH thematisiert die weltumspannende Begeisterung von Menschen f\u00fcreinander, die sich im Auge des Gegen\u00fcbers selbst neu wiederfinden. In und mit dieser Begeisterung lassen sich die Grenzen zueinander \u00fcberwinden und Neugier aufeinander kann WACHSEN, im besten Fall wird sie sich zu Sympathie, Freundschaft und Liebe entwickeln.<br>Der Text entstammt dem neuen Lyrikband von Janne Gronen, <br><em>&#8222;LIEBEN weit gefasst&#8220; (K\u00fcnstlerinnenbuch, 2026)<\/em><\/p>\n\n\n\n<div style=\"height:100px\" aria-hidden=\"true\" class=\"wp-block-spacer\"><\/div>\n\n\n\n<p>Zur K\u00fcnstlerin<\/p>\n\n\n\n<p><strong>JANNE GRONEN<\/strong><\/p>\n\n\n\n<p>\u2026 besch\u00e4ftigte sich&nbsp;fr\u00fch mit&nbsp;Sprache. In ihrem Elternhaus wurde landk\u00f6lsche Mundart gesprochen, erst&nbsp;in der Schule begegnete ihr das Hochdeutsche. Sie begann mit den Sprachen zu spielen, sie gegeneinander zu halten und auf ihre Feinheiten hin zu untersuchen und sie zu variieren. Mit Sprache zu experimentieren, ihre&nbsp;Bildhaftigkeit zu&nbsp;genie\u00dfen und&nbsp;ihre lautmalerischen St\u00e4rken zu begreifen ist ihr als zugleich bildende K\u00fcnstlerin (Malerei, Performance, Text-Installation) selbstverst\u00e4ndlich.<\/p>\n\n\n\n<p>Janne Gronen schafft kleine Gedichte, dadaistisch angehaucht, Texte \u00fcber Kunst und f\u00fchrt gerne Gespr\u00e4che mit Menschen. Sie arbeitet therapeutisch privat und in einer Beratungsstelle f\u00fcr Frauen in Neuss.<\/p>\n\n\n\n<figure class=\"wp-block-image size-large\"><img loading=\"lazy\" decoding=\"async\" width=\"1024\" height=\"1024\" src=\"https:\/\/edition-gl.de\/wp-content\/uploads\/2026\/04\/JanneGronen_web-1024x1024.jpg\" alt=\"\" class=\"wp-image-1831\" srcset=\"https:\/\/edition-gl.de\/wp-content\/uploads\/2026\/04\/JanneGronen_web-1024x1024.jpg 1024w, https:\/\/edition-gl.de\/wp-content\/uploads\/2026\/04\/JanneGronen_web-360x360.jpg 360w, https:\/\/edition-gl.de\/wp-content\/uploads\/2026\/04\/JanneGronen_web-180x180.jpg 180w, https:\/\/edition-gl.de\/wp-content\/uploads\/2026\/04\/JanneGronen_web-768x768.jpg 768w, https:\/\/edition-gl.de\/wp-content\/uploads\/2026\/04\/JanneGronen_web.jpg 1200w\" sizes=\"auto, (max-width: 1024px) 100vw, 1024px\" \/><\/figure>\n\n\n\n<div style=\"height:47px\" aria-hidden=\"true\" class=\"wp-block-spacer\"><\/div>\n\n\n\n<div class=\"wp-block-buttons is-layout-flex wp-block-buttons-is-layout-flex\">\n<div class=\"wp-block-button\"><a class=\"wp-block-button__link wp-element-button\" href=\"https:\/\/edition-gl.de\/index.php\/buchen\/vision\/visionair-gl\/\">Fenster 1<\/a><\/div>\n\n\n\n<div class=\"wp-block-button\"><a class=\"wp-block-button__link wp-element-button\" href=\"https:\/\/edition-gl.de\/index.php\/buchen\/vision\/visionair-nn\/\">Fenster 2<\/a><\/div>\n\n\n\n<div class=\"wp-block-button\"><a class=\"wp-block-button__link wp-element-button\" href=\"https:\/\/edition-gl.de\/index.php\/buchen\/vision\/\">zur\u00fcck zu VISIONair<\/a><\/div>\n\n\n\n<div class=\"wp-block-button\"><a class=\"wp-block-button__link wp-element-button\" href=\"https:\/\/edition-gl.de\/index.php\/buchen\/vision\/visionair-mm\/\">Fenster 4<\/a><\/div>\n\n\n\n<div class=\"wp-block-button\"><a class=\"wp-block-button__link wp-element-button\" href=\"https:\/\/edition-gl.de\/index.php\/buchen\/vision\/visionair-as\/\">Fenster 5<\/a><\/div>\n<\/div>\n\n\n\n<p><\/p>\n","protected":false},"excerpt":{"rendered":"<p>JANNE GRONEN Du und ich Textinstallation |&nbsp;Banner 212,5 cm x 85 cm Das Gedicht DU UND ICH thematisiert die weltumspannende Begeisterung von Menschen f\u00fcreinander, die sich im Auge des Gegen\u00fcbers selbst neu wiederfinden. In und mit dieser Begeisterung lassen sich die Grenzen zueinander \u00fcberwinden und Neugier aufeinander kann WACHSEN, im besten Fall wird sie sich [&hellip;]<\/p>\n","protected":false},"author":2,"featured_media":0,"parent":1769,"menu_order":0,"comment_status":"closed","ping_status":"closed","template":"","meta":{"footnotes":""},"class_list":["post-1827","page","type-page","status-publish","hentry"],"_links":{"self":[{"href":"https:\/\/edition-gl.de\/index.php\/wp-json\/wp\/v2\/pages\/1827","targetHints":{"allow":["GET"]}}],"collection":[{"href":"https:\/\/edition-gl.de\/index.php\/wp-json\/wp\/v2\/pages"}],"about":[{"href":"https:\/\/edition-gl.de\/index.php\/wp-json\/wp\/v2\/types\/page"}],"author":[{"embeddable":true,"href":"https:\/\/edition-gl.de\/index.php\/wp-json\/wp\/v2\/users\/2"}],"replies":[{"embeddable":true,"href":"https:\/\/edition-gl.de\/index.php\/wp-json\/wp\/v2\/comments?post=1827"}],"version-history":[{"count":4,"href":"https:\/\/edition-gl.de\/index.php\/wp-json\/wp\/v2\/pages\/1827\/revisions"}],"predecessor-version":[{"id":1843,"href":"https:\/\/edition-gl.de\/index.php\/wp-json\/wp\/v2\/pages\/1827\/revisions\/1843"}],"up":[{"embeddable":true,"href":"https:\/\/edition-gl.de\/index.php\/wp-json\/wp\/v2\/pages\/1769"}],"wp:attachment":[{"href":"https:\/\/edition-gl.de\/index.php\/wp-json\/wp\/v2\/media?parent=1827"}],"curies":[{"name":"wp","href":"https:\/\/api.w.org\/{rel}","templated":true}]}}

<p>JANNE GRONEN</p>



<p><strong>Du und ich</strong></p>



<p class="has-small-font-size">Textinstallation |&nbsp;Banner 212,5 cm x 85 cm</p>



<figure class="wp-block-image size-large is-resized"><img loading="lazy" decoding="async" width="481" height="1024" src="https://edition-gl.de/wp-content/uploads/2026/04/duUNDich_web-1-481x1024.jpg" alt="" class="wp-image-1828" style="width:620px;height:auto" srcset="https://edition-gl.de/wp-content/uploads/2026/04/duUNDich_web-1-481x1024.jpg 481w, https://edition-gl.de/wp-content/uploads/2026/04/duUNDich_web-1-169x360.jpg 169w, https://edition-gl.de/wp-content/uploads/2026/04/duUNDich_web-1-768x1634.jpg 768w, https://edition-gl.de/wp-content/uploads/2026/04/duUNDich_web-1-722x1536.jpg 722w, https://edition-gl.de/wp-content/uploads/2026/04/duUNDich_web-1-963x2048.jpg 963w, https://edition-gl.de/wp-content/uploads/2026/04/duUNDich_web-1.jpg 1200w" sizes="auto, (max-width: 481px) 100vw, 481px" /></figure>



<p>Das Gedicht DU UND ICH thematisiert die weltumspannende Begeisterung von Menschen füreinander, die sich im Auge des Gegenübers selbst neu wiederfinden. In und mit dieser Begeisterung lassen sich die Grenzen zueinander überwinden und Neugier aufeinander kann WACHSEN, im besten Fall wird sie sich zu Sympathie, Freundschaft und Liebe entwickeln.<br>Der Text entstammt dem neuen Lyrikband von Janne Gronen, <br><em>&#8222;LIEBEN weit gefasst&#8220; (Künstlerinnenbuch, 2026)</em></p>



<div style="height:100px" aria-hidden="true" class="wp-block-spacer"></div>



<p>Zur Künstlerin</p>



<p><strong>JANNE GRONEN</strong></p>



<p>… beschäftigte sich&nbsp;früh mit&nbsp;Sprache. In ihrem Elternhaus wurde landkölsche Mundart gesprochen, erst&nbsp;in der Schule begegnete ihr das Hochdeutsche. Sie begann mit den Sprachen zu spielen, sie gegeneinander zu halten und auf ihre Feinheiten hin zu untersuchen und sie zu variieren. Mit Sprache zu experimentieren, ihre&nbsp;Bildhaftigkeit zu&nbsp;genießen und&nbsp;ihre lautmalerischen Stärken zu begreifen ist ihr als zugleich bildende Künstlerin (Malerei, Performance, Text-Installation) selbstverständlich.</p>



<p>Janne Gronen schafft kleine Gedichte, dadaistisch angehaucht, Texte über Kunst und führt gerne Gespräche mit Menschen. Sie arbeitet therapeutisch privat und in einer Beratungsstelle für Frauen in Neuss.</p>



<figure class="wp-block-image size-large"><img loading="lazy" decoding="async" width="1024" height="1024" src="https://edition-gl.de/wp-content/uploads/2026/04/JanneGronen_web-1024x1024.jpg" alt="" class="wp-image-1831" srcset="https://edition-gl.de/wp-content/uploads/2026/04/JanneGronen_web-1024x1024.jpg 1024w, https://edition-gl.de/wp-content/uploads/2026/04/JanneGronen_web-360x360.jpg 360w, https://edition-gl.de/wp-content/uploads/2026/04/JanneGronen_web-180x180.jpg 180w, https://edition-gl.de/wp-content/uploads/2026/04/JanneGronen_web-768x768.jpg 768w, https://edition-gl.de/wp-content/uploads/2026/04/JanneGronen_web.jpg 1200w" sizes="auto, (max-width: 1024px) 100vw, 1024px" /></figure>



<div style="height:47px" aria-hidden="true" class="wp-block-spacer"></div>



<div class="wp-block-buttons is-layout-flex wp-block-buttons-is-layout-flex">
<div class="wp-block-button"><a class="wp-block-button__link wp-element-button" href="https://edition-gl.de/index.php/buchen/vision/visionair-gl/">Fenster 1</a></div>



<div class="wp-block-button"><a class="wp-block-button__link wp-element-button" href="https://edition-gl.de/index.php/buchen/vision/visionair-nn/">Fenster 2</a></div>



<div class="wp-block-button"><a class="wp-block-button__link wp-element-button" href="https://edition-gl.de/index.php/buchen/vision/">zurück zu VISIONair</a></div>



<div class="wp-block-button"><a class="wp-block-button__link wp-element-button" href="https://edition-gl.de/index.php/buchen/vision/visionair-mm/">Fenster 4</a></div>



<div class="wp-block-button"><a class="wp-block-button__link wp-element-button" href="https://edition-gl.de/index.php/buchen/vision/visionair-as/">Fenster 5</a></div>
</div>



<p></p>

<p>JANNE GRONEN Du und ich Textinstallation |&nbsp;Banner 212,5 cm x 85 cm Das Gedicht DU UND ICH thematisiert die weltumspannende Begeisterung von Menschen füreinander, die sich im Auge des Gegenübers selbst neu wiederfinden. In und mit dieser Begeisterung lassen sich die Grenzen zueinander überwinden und Neugier aufeinander kann WACHSEN, im besten Fall wird sie sich [&hellip;]</p>
