{"id":1805,"date":"2026-04-14T11:03:37","date_gmt":"2026-04-14T09:03:37","guid":{"rendered":"https:\/\/edition-gl.de\/?page_id=1805"},"modified":"2026-04-18T01:25:29","modified_gmt":"2026-04-17T23:25:29","slug":"visionair-mm","status":"publish","type":"page","link":"https:\/\/edition-gl.de\/index.php\/buchen\/vision\/visionair-mm\/","title":{"rendered":"VISIONair &#8211; MM"},"content":{"rendered":"\n<p>MASCHA MALZEVA<\/p>\n\n\n\n<p><strong>Die Kraft des Nat\u00fcrlichen<\/strong><\/p>\n\n\n\n<p class=\"has-small-font-size\">Eitempera (ca 90cm x 70 cm)<\/p>\n\n\n\n<figure class=\"wp-block-image size-large\"><img loading=\"lazy\" decoding=\"async\" width=\"862\" height=\"1024\" src=\"https:\/\/edition-gl.de\/wp-content\/uploads\/2026\/04\/Kraft-des-Natuerlichen_web-862x1024.jpeg\" alt=\"\" class=\"wp-image-1806\" srcset=\"https:\/\/edition-gl.de\/wp-content\/uploads\/2026\/04\/Kraft-des-Natuerlichen_web-862x1024.jpeg 862w, https:\/\/edition-gl.de\/wp-content\/uploads\/2026\/04\/Kraft-des-Natuerlichen_web-303x360.jpeg 303w, https:\/\/edition-gl.de\/wp-content\/uploads\/2026\/04\/Kraft-des-Natuerlichen_web-768x912.jpeg 768w, https:\/\/edition-gl.de\/wp-content\/uploads\/2026\/04\/Kraft-des-Natuerlichen_web.jpeg 1200w\" sizes=\"auto, (max-width: 862px) 100vw, 862px\" \/><\/figure>\n\n\n\n<p>Wann h\u00f6rt die Phantasie auf und beginnt die Realit\u00e4t?&nbsp;<\/p>\n\n\n\n<p>Welche Wirklichkeit ist wirklich real f\u00fcr mich?&nbsp;<\/p>\n\n\n\n<p>Wann und wie tr\u00e4umt man?<\/p>\n\n\n\n<p>Wer verwandelt sich dort in wen?<\/p>\n\n\n\n<p>Als kleines Kind sitzt man staunend vor einer zarten staubigen Pflanze, die aus der Kraft der Natur den festen Boden durchbricht;<br>es sitzt vor einer noch geschlossenen T\u00fcr, hinter der sich neue unbekannte Welten und Realien erahnen.<\/p>\n\n\n\n<div style=\"height:40px\" aria-hidden=\"true\" class=\"wp-block-spacer\"><\/div>\n\n\n\n<p>Mascha Malzeva<\/p>\n\n\n\n<p><strong>Mein Stiefvater &#8211; Dr. Wiljo Heyers<\/strong><\/p>\n\n\n\n<p class=\"has-small-font-size\">30 cm x 40 cm, Mischtechnik<\/p>\n\n\n\n<p>Der Preis der Perlenkette war ein Markenzeichen der Neusser Galopp-Rennbahn. Ein solches Schmuckst\u00fcck gewann die Siegerin der drei Rennen umfassenden Rennserie der Wintersaison.<br>Auch heute noch gilt Perlenkette als der begehrteste Ehrenpreis f\u00fcr Reiterinnen im deutschen Turf und wurde 1961 erstmals in Neuss ausgetragen.<\/p>\n\n\n\n<div style=\"height:65px\" aria-hidden=\"true\" class=\"wp-block-spacer\"><\/div>\n\n\n\n<p>Zur K\u00fcnstlerin<\/p>\n\n\n\n<p><strong><a href=\"http:\/\/www.mascha-malzeva.de\" data-type=\"link\" data-id=\"www.mascha-malzeva.de\">MASCHA MALZEVA<\/a><\/strong> <sup>1<\/sup><\/p>\n\n\n\n<p>\u2026 lebt und arbeitet in Neuss. Sie lehrt&nbsp;im Kulturforum Alte Post und VHS in&nbsp;Neuss als Dozentin f\u00fcr Malerei. Sie ist&nbsp;selbst als Malerin und Kuratorin aktiv&nbsp;und nimmt regelm\u00e4\u00dfig an Ausstellungen und Projekten teil. Werke von ihr sind ebenfalls in der Kunstsammlung der Stadt Neuss vertreten. Auch im \u00f6ffentlichen Raum im Neusser Rathaus h\u00e4ngt eines ihrer Bilder. W\u00e4hrend ihres Lehramtstudiums in K\u00f6ln bei Professorin Silke Leverk\u00fchne lernte sie die Arbeit mit Eitempera-Farbe zu sch\u00e4tzen. Mascha Malzeva komponiert diese Farben in ihren Bildern&nbsp;zu einem lebensfrohen und ungezwungenen Klang.<\/p>\n\n\n\n<p class=\"has-small-font-size\"><sup>1<\/sup> externer Link zur Webseite der K\u00fcnstlerin<\/p>\n\n\n\n<figure class=\"wp-block-image size-large\"><img loading=\"lazy\" decoding=\"async\" width=\"1001\" height=\"1024\" src=\"https:\/\/edition-gl.de\/wp-content\/uploads\/2026\/04\/MaschaMalzeva-web-1001x1024.jpg\" alt=\"\" class=\"wp-image-1808\" srcset=\"https:\/\/edition-gl.de\/wp-content\/uploads\/2026\/04\/MaschaMalzeva-web-1001x1024.jpg 1001w, https:\/\/edition-gl.de\/wp-content\/uploads\/2026\/04\/MaschaMalzeva-web-352x360.jpg 352w, https:\/\/edition-gl.de\/wp-content\/uploads\/2026\/04\/MaschaMalzeva-web-768x785.jpg 768w, https:\/\/edition-gl.de\/wp-content\/uploads\/2026\/04\/MaschaMalzeva-web.jpg 1200w\" sizes=\"auto, (max-width: 1001px) 100vw, 1001px\" \/><\/figure>\n\n\n\n<div class=\"wp-block-buttons is-layout-flex wp-block-buttons-is-layout-flex\">\n<div class=\"wp-block-button\"><a class=\"wp-block-button__link wp-element-button\" href=\"https:\/\/edition-gl.de\/index.php\/buchen\/vision\/visionair-gl\/\">Fenster 1<\/a><\/div>\n\n\n\n<div class=\"wp-block-button\"><a class=\"wp-block-button__link wp-element-button\" href=\"https:\/\/edition-gl.de\/index.php\/buchen\/vision\/visionair-nn\/\">Fenster 2<\/a><\/div>\n\n\n\n<div class=\"wp-block-button\"><a class=\"wp-block-button__link wp-element-button\" href=\"https:\/\/edition-gl.de\/index.php\/buchen\/vision\/visionair-jg\/\">Fenster 3<\/a><\/div>\n\n\n\n<div class=\"wp-block-button\"><a class=\"wp-block-button__link wp-element-button\" href=\"https:\/\/edition-gl.de\/index.php\/buchen\/vision\/\">zur\u00fcck zu VISIONair<\/a><\/div>\n\n\n\n<div class=\"wp-block-button\"><a class=\"wp-block-button__link wp-element-button\" href=\"https:\/\/edition-gl.de\/index.php\/buchen\/vision\/visionair-as\/\">Fenster 5<\/a><\/div>\n<\/div>\n\n\n\n<p><\/p>\n","protected":false},"excerpt":{"rendered":"<p>MASCHA MALZEVA Die Kraft des Nat\u00fcrlichen Eitempera (ca 90cm x 70 cm) Wann h\u00f6rt die Phantasie auf und beginnt die Realit\u00e4t?&nbsp; Welche Wirklichkeit ist wirklich real f\u00fcr mich?&nbsp; Wann und wie tr\u00e4umt man? Wer verwandelt sich dort in wen? Als kleines Kind sitzt man staunend vor einer zarten staubigen Pflanze, die aus der Kraft der [&hellip;]<\/p>\n","protected":false},"author":2,"featured_media":0,"parent":1769,"menu_order":0,"comment_status":"closed","ping_status":"closed","template":"","meta":{"footnotes":""},"class_list":["post-1805","page","type-page","status-publish","hentry"],"_links":{"self":[{"href":"https:\/\/edition-gl.de\/index.php\/wp-json\/wp\/v2\/pages\/1805","targetHints":{"allow":["GET"]}}],"collection":[{"href":"https:\/\/edition-gl.de\/index.php\/wp-json\/wp\/v2\/pages"}],"about":[{"href":"https:\/\/edition-gl.de\/index.php\/wp-json\/wp\/v2\/types\/page"}],"author":[{"embeddable":true,"href":"https:\/\/edition-gl.de\/index.php\/wp-json\/wp\/v2\/users\/2"}],"replies":[{"embeddable":true,"href":"https:\/\/edition-gl.de\/index.php\/wp-json\/wp\/v2\/comments?post=1805"}],"version-history":[{"count":8,"href":"https:\/\/edition-gl.de\/index.php\/wp-json\/wp\/v2\/pages\/1805\/revisions"}],"predecessor-version":[{"id":1856,"href":"https:\/\/edition-gl.de\/index.php\/wp-json\/wp\/v2\/pages\/1805\/revisions\/1856"}],"up":[{"embeddable":true,"href":"https:\/\/edition-gl.de\/index.php\/wp-json\/wp\/v2\/pages\/1769"}],"wp:attachment":[{"href":"https:\/\/edition-gl.de\/index.php\/wp-json\/wp\/v2\/media?parent=1805"}],"curies":[{"name":"wp","href":"https:\/\/api.w.org\/{rel}","templated":true}]}}

<p>MASCHA MALZEVA</p>



<p><strong>Die Kraft des Natürlichen</strong></p>



<p class="has-small-font-size">Eitempera (ca 90cm x 70 cm)</p>



<figure class="wp-block-image size-large"><img loading="lazy" decoding="async" width="862" height="1024" src="https://edition-gl.de/wp-content/uploads/2026/04/Kraft-des-Natuerlichen_web-862x1024.jpeg" alt="" class="wp-image-1806" srcset="https://edition-gl.de/wp-content/uploads/2026/04/Kraft-des-Natuerlichen_web-862x1024.jpeg 862w, https://edition-gl.de/wp-content/uploads/2026/04/Kraft-des-Natuerlichen_web-303x360.jpeg 303w, https://edition-gl.de/wp-content/uploads/2026/04/Kraft-des-Natuerlichen_web-768x912.jpeg 768w, https://edition-gl.de/wp-content/uploads/2026/04/Kraft-des-Natuerlichen_web.jpeg 1200w" sizes="auto, (max-width: 862px) 100vw, 862px" /></figure>



<p>Wann hört die Phantasie auf und beginnt die Realität?&nbsp;</p>



<p>Welche Wirklichkeit ist wirklich real für mich?&nbsp;</p>



<p>Wann und wie träumt man?</p>



<p>Wer verwandelt sich dort in wen?</p>



<p>Als kleines Kind sitzt man staunend vor einer zarten staubigen Pflanze, die aus der Kraft der Natur den festen Boden durchbricht;<br>es sitzt vor einer noch geschlossenen Tür, hinter der sich neue unbekannte Welten und Realien erahnen.</p>



<div style="height:40px" aria-hidden="true" class="wp-block-spacer"></div>



<p>Mascha Malzeva</p>



<p><strong>Mein Stiefvater &#8211; Dr. Wiljo Heyers</strong></p>



<p class="has-small-font-size">30 cm x 40 cm, Mischtechnik</p>



<p>Der Preis der Perlenkette war ein Markenzeichen der Neusser Galopp-Rennbahn. Ein solches Schmuckstück gewann die Siegerin der drei Rennen umfassenden Rennserie der Wintersaison.<br>Auch heute noch gilt Perlenkette als der begehrteste Ehrenpreis für Reiterinnen im deutschen Turf und wurde 1961 erstmals in Neuss ausgetragen.</p>



<div style="height:65px" aria-hidden="true" class="wp-block-spacer"></div>



<p>Zur Künstlerin</p>



<p><strong><a href="http://www.mascha-malzeva.de" data-type="link" data-id="www.mascha-malzeva.de">MASCHA MALZEVA</a></strong> <sup>1</sup></p>



<p>… lebt und arbeitet in Neuss. Sie lehrt&nbsp;im Kulturforum Alte Post und VHS in&nbsp;Neuss als Dozentin für Malerei. Sie ist&nbsp;selbst als Malerin und Kuratorin aktiv&nbsp;und nimmt regelmäßig an Ausstellungen und Projekten teil. Werke von ihr sind ebenfalls in der Kunstsammlung der Stadt Neuss vertreten. Auch im öffentlichen Raum im Neusser Rathaus hängt eines ihrer Bilder. Während ihres Lehramtstudiums in Köln bei Professorin Silke Leverkühne lernte sie die Arbeit mit Eitempera-Farbe zu schätzen. Mascha Malzeva komponiert diese Farben in ihren Bildern&nbsp;zu einem lebensfrohen und ungezwungenen Klang.</p>



<p class="has-small-font-size"><sup>1</sup> externer Link zur Webseite der Künstlerin</p>



<figure class="wp-block-image size-large"><img loading="lazy" decoding="async" width="1001" height="1024" src="https://edition-gl.de/wp-content/uploads/2026/04/MaschaMalzeva-web-1001x1024.jpg" alt="" class="wp-image-1808" srcset="https://edition-gl.de/wp-content/uploads/2026/04/MaschaMalzeva-web-1001x1024.jpg 1001w, https://edition-gl.de/wp-content/uploads/2026/04/MaschaMalzeva-web-352x360.jpg 352w, https://edition-gl.de/wp-content/uploads/2026/04/MaschaMalzeva-web-768x785.jpg 768w, https://edition-gl.de/wp-content/uploads/2026/04/MaschaMalzeva-web.jpg 1200w" sizes="auto, (max-width: 1001px) 100vw, 1001px" /></figure>



<div class="wp-block-buttons is-layout-flex wp-block-buttons-is-layout-flex">
<div class="wp-block-button"><a class="wp-block-button__link wp-element-button" href="https://edition-gl.de/index.php/buchen/vision/visionair-gl/">Fenster 1</a></div>



<div class="wp-block-button"><a class="wp-block-button__link wp-element-button" href="https://edition-gl.de/index.php/buchen/vision/visionair-nn/">Fenster 2</a></div>



<div class="wp-block-button"><a class="wp-block-button__link wp-element-button" href="https://edition-gl.de/index.php/buchen/vision/visionair-jg/">Fenster 3</a></div>



<div class="wp-block-button"><a class="wp-block-button__link wp-element-button" href="https://edition-gl.de/index.php/buchen/vision/">zurück zu VISIONair</a></div>



<div class="wp-block-button"><a class="wp-block-button__link wp-element-button" href="https://edition-gl.de/index.php/buchen/vision/visionair-as/">Fenster 5</a></div>
</div>



<p></p>

<p>MASCHA MALZEVA Die Kraft des Natürlichen Eitempera (ca 90cm x 70 cm) Wann hört die Phantasie auf und beginnt die Realität?&nbsp; Welche Wirklichkeit ist wirklich real für mich?&nbsp; Wann und wie träumt man? Wer verwandelt sich dort in wen? Als kleines Kind sitzt man staunend vor einer zarten staubigen Pflanze, die aus der Kraft der [&hellip;]</p>
