{"id":1797,"date":"2026-04-14T10:50:59","date_gmt":"2026-04-14T08:50:59","guid":{"rendered":"https:\/\/edition-gl.de\/?page_id=1797"},"modified":"2026-04-14T14:10:26","modified_gmt":"2026-04-14T12:10:26","slug":"visionair-nn","status":"publish","type":"page","link":"https:\/\/edition-gl.de\/index.php\/buchen\/vision\/visionair-nn\/","title":{"rendered":"VISIONair &#8211; NN"},"content":{"rendered":"\n<p class=\"has-medium-font-size\">Natascha Niesner<\/p>\n\n\n\n<p><strong>Wandlungen 1<\/strong><\/p>\n\n\n\n<p class=\"has-small-font-size\">Mixed Media, Aquarell, Monotypie &#8211; 70 cm x 100 cm<\/p>\n\n\n\n<figure class=\"wp-block-image size-large\"><img loading=\"lazy\" decoding=\"async\" width=\"695\" height=\"1024\" src=\"https:\/\/edition-gl.de\/wp-content\/uploads\/2026\/04\/Wandlungen1web-695x1024.jpg\" alt=\"\" class=\"wp-image-1798\" srcset=\"https:\/\/edition-gl.de\/wp-content\/uploads\/2026\/04\/Wandlungen1web-695x1024.jpg 695w, https:\/\/edition-gl.de\/wp-content\/uploads\/2026\/04\/Wandlungen1web-244x360.jpg 244w, https:\/\/edition-gl.de\/wp-content\/uploads\/2026\/04\/Wandlungen1web-768x1132.jpg 768w, https:\/\/edition-gl.de\/wp-content\/uploads\/2026\/04\/Wandlungen1web-1043x1536.jpg 1043w, https:\/\/edition-gl.de\/wp-content\/uploads\/2026\/04\/Wandlungen1web.jpg 1200w\" sizes=\"auto, (max-width: 695px) 100vw, 695px\" \/><\/figure>\n\n\n\n<p>Die gro\u00dfformatigen Portr\u00e4ts aus der Serie WANDLUNGEN stellen das geistige Innenleben des Menschen als einen Prozess stetiger Entwicklung, Ver\u00e4nderung und Reifung dar. Gedanken, Emotionen, Ideen KEIMEN und gedeihen, verbl\u00fchen und vergehen. Das einzig Best\u00e4ndige am Menschsein ist die Ver\u00e4nderung selbst. Und doch verfestigen sich individuelle Spuren unseres Lebens in unserem Denken und F\u00fchlen, \u00e4hnlich unverwechselbar wie unsere biologische DNA.<\/p>\n\n\n\n<div style=\"height:81px\" aria-hidden=\"true\" class=\"wp-block-spacer\"><\/div>\n\n\n\n<p class=\"has-medium-font-size\">Natascha Niesner<\/p>\n\n\n\n<p>Serie <strong>Bewegte Natur<\/strong><\/p>\n\n\n\n<p class=\"has-small-font-size\">Mixed Media Collage &#8211; 20 cm x 20 cm<\/p>\n\n\n\n<figure class=\"wp-block-image size-large\"><img loading=\"lazy\" decoding=\"async\" width=\"1020\" height=\"1024\" src=\"https:\/\/edition-gl.de\/wp-content\/uploads\/2026\/04\/MMC_1web-1020x1024.jpg\" alt=\"\" class=\"wp-image-1802\" srcset=\"https:\/\/edition-gl.de\/wp-content\/uploads\/2026\/04\/MMC_1web-1020x1024.jpg 1020w, https:\/\/edition-gl.de\/wp-content\/uploads\/2026\/04\/MMC_1web-360x360.jpg 360w, https:\/\/edition-gl.de\/wp-content\/uploads\/2026\/04\/MMC_1web-180x180.jpg 180w, https:\/\/edition-gl.de\/wp-content\/uploads\/2026\/04\/MMC_1web-768x771.jpg 768w, https:\/\/edition-gl.de\/wp-content\/uploads\/2026\/04\/MMC_1web.jpg 1200w\" sizes=\"auto, (max-width: 1020px) 100vw, 1020px\" \/><\/figure>\n\n\n\n<p><\/p>\n\n\n\n<div style=\"height:100px\" aria-hidden=\"true\" class=\"wp-block-spacer\"><\/div>\n\n\n\n<p>Zur K\u00fcnstlerin<\/p>\n\n\n\n<p><strong><a href=\"http:\/\/www.rundum-neuss.de\">NATASCHA NIESNER<\/a><\/strong> <sup>1<\/sup><\/p>\n\n\n\n<p>\u2026 ist in einer K\u00fcnstlerfamilie aufgewachsen, sie zeichnet und fotografiert schon seit ihrer Jugend. Nach Ihrem Studium zur Dipl.-Designerin arbeitet sie in Grafikdesign B\u00fcros in Wuppertal und Neuss. Sie ist Dozentin f\u00fcr Zeichnung, Aquarellmalerei und experimentelle Mischtechniken im Kulturforum Alte Post, an der VHS und im eigenen Atelier \u201erundum Kunst\u201c in Neuss. &nbsp;<\/p>\n\n\n\n<p>In Ihren Bildern kombiniert sie oftmals unterschiedliche k\u00fcnstlerische Ausdrucksformen wie z.B. Zeichnung,&nbsp;Aquarellmalerei und Drucktechniken miteinander. Zu Ihren bevorzugten Themen z\u00e4hlen Portr\u00e4ts wie auch Naturstudien.&nbsp;<\/p>\n\n\n\n<p class=\"has-small-font-size\"><sup>1<\/sup> externer Link zur Webseite der K\u00fcnstlerin<\/p>\n\n\n\n<figure class=\"wp-block-image size-large\"><img loading=\"lazy\" decoding=\"async\" width=\"730\" height=\"1024\" src=\"https:\/\/edition-gl.de\/wp-content\/uploads\/2026\/04\/NataschaNiesner-730x1024.jpg\" alt=\"\" class=\"wp-image-1803\" srcset=\"https:\/\/edition-gl.de\/wp-content\/uploads\/2026\/04\/NataschaNiesner-730x1024.jpg 730w, https:\/\/edition-gl.de\/wp-content\/uploads\/2026\/04\/NataschaNiesner-257x360.jpg 257w, https:\/\/edition-gl.de\/wp-content\/uploads\/2026\/04\/NataschaNiesner-768x1078.jpg 768w, https:\/\/edition-gl.de\/wp-content\/uploads\/2026\/04\/NataschaNiesner.jpg 945w\" sizes=\"auto, (max-width: 730px) 100vw, 730px\" \/><\/figure>\n\n\n\n<div style=\"height:100px\" aria-hidden=\"true\" class=\"wp-block-spacer\"><\/div>\n\n\n\n<div class=\"wp-block-buttons is-layout-flex wp-block-buttons-is-layout-flex\">\n<div class=\"wp-block-button\"><a class=\"wp-block-button__link wp-element-button\" href=\"https:\/\/edition-gl.de\/index.php\/buchen\/vision\/visionair-gl\/\">Fenster 1<\/a><\/div>\n\n\n\n<div class=\"wp-block-button\"><a class=\"wp-block-button__link wp-element-button\" href=\"https:\/\/edition-gl.de\/index.php\/buchen\/vision\/\">zur\u00fcck zu VISIONair<\/a><\/div>\n\n\n\n<div class=\"wp-block-button\"><a class=\"wp-block-button__link wp-element-button\" href=\"https:\/\/edition-gl.de\/index.php\/buchen\/vision\/visionair-jg\/\">Fenster 3<\/a><\/div>\n\n\n\n<div class=\"wp-block-button\"><a class=\"wp-block-button__link wp-element-button\" href=\"https:\/\/edition-gl.de\/index.php\/buchen\/vision\/visionair-mm\/\">Fenster 4<\/a><\/div>\n\n\n\n<div class=\"wp-block-button\"><a class=\"wp-block-button__link wp-element-button\" href=\"https:\/\/edition-gl.de\/index.php\/buchen\/vision\/visionair-as\/\">Fenster 5<\/a><\/div>\n<\/div>\n\n\n\n<p><\/p>\n","protected":false},"excerpt":{"rendered":"<p>Natascha Niesner Wandlungen 1 Mixed Media, Aquarell, Monotypie &#8211; 70 cm x 100 cm Die gro\u00dfformatigen Portr\u00e4ts aus der Serie WANDLUNGEN stellen das geistige Innenleben des Menschen als einen Prozess stetiger Entwicklung, Ver\u00e4nderung und Reifung dar. Gedanken, Emotionen, Ideen KEIMEN und gedeihen, verbl\u00fchen und vergehen. Das einzig Best\u00e4ndige am Menschsein ist die Ver\u00e4nderung selbst. Und [&hellip;]<\/p>\n","protected":false},"author":2,"featured_media":0,"parent":1769,"menu_order":0,"comment_status":"closed","ping_status":"closed","template":"","meta":{"footnotes":""},"class_list":["post-1797","page","type-page","status-publish","hentry"],"_links":{"self":[{"href":"https:\/\/edition-gl.de\/index.php\/wp-json\/wp\/v2\/pages\/1797","targetHints":{"allow":["GET"]}}],"collection":[{"href":"https:\/\/edition-gl.de\/index.php\/wp-json\/wp\/v2\/pages"}],"about":[{"href":"https:\/\/edition-gl.de\/index.php\/wp-json\/wp\/v2\/types\/page"}],"author":[{"embeddable":true,"href":"https:\/\/edition-gl.de\/index.php\/wp-json\/wp\/v2\/users\/2"}],"replies":[{"embeddable":true,"href":"https:\/\/edition-gl.de\/index.php\/wp-json\/wp\/v2\/comments?post=1797"}],"version-history":[{"count":5,"href":"https:\/\/edition-gl.de\/index.php\/wp-json\/wp\/v2\/pages\/1797\/revisions"}],"predecessor-version":[{"id":1834,"href":"https:\/\/edition-gl.de\/index.php\/wp-json\/wp\/v2\/pages\/1797\/revisions\/1834"}],"up":[{"embeddable":true,"href":"https:\/\/edition-gl.de\/index.php\/wp-json\/wp\/v2\/pages\/1769"}],"wp:attachment":[{"href":"https:\/\/edition-gl.de\/index.php\/wp-json\/wp\/v2\/media?parent=1797"}],"curies":[{"name":"wp","href":"https:\/\/api.w.org\/{rel}","templated":true}]}}

<p class="has-medium-font-size">Natascha Niesner</p>



<p><strong>Wandlungen 1</strong></p>



<p class="has-small-font-size">Mixed Media, Aquarell, Monotypie &#8211; 70 cm x 100 cm</p>



<figure class="wp-block-image size-large"><img loading="lazy" decoding="async" width="695" height="1024" src="https://edition-gl.de/wp-content/uploads/2026/04/Wandlungen1web-695x1024.jpg" alt="" class="wp-image-1798" srcset="https://edition-gl.de/wp-content/uploads/2026/04/Wandlungen1web-695x1024.jpg 695w, https://edition-gl.de/wp-content/uploads/2026/04/Wandlungen1web-244x360.jpg 244w, https://edition-gl.de/wp-content/uploads/2026/04/Wandlungen1web-768x1132.jpg 768w, https://edition-gl.de/wp-content/uploads/2026/04/Wandlungen1web-1043x1536.jpg 1043w, https://edition-gl.de/wp-content/uploads/2026/04/Wandlungen1web.jpg 1200w" sizes="auto, (max-width: 695px) 100vw, 695px" /></figure>



<p>Die großformatigen Porträts aus der Serie WANDLUNGEN stellen das geistige Innenleben des Menschen als einen Prozess stetiger Entwicklung, Veränderung und Reifung dar. Gedanken, Emotionen, Ideen KEIMEN und gedeihen, verblühen und vergehen. Das einzig Beständige am Menschsein ist die Veränderung selbst. Und doch verfestigen sich individuelle Spuren unseres Lebens in unserem Denken und Fühlen, ähnlich unverwechselbar wie unsere biologische DNA.</p>



<div style="height:81px" aria-hidden="true" class="wp-block-spacer"></div>



<p class="has-medium-font-size">Natascha Niesner</p>



<p>Serie <strong>Bewegte Natur</strong></p>



<p class="has-small-font-size">Mixed Media Collage &#8211; 20 cm x 20 cm</p>



<figure class="wp-block-image size-large"><img loading="lazy" decoding="async" width="1020" height="1024" src="https://edition-gl.de/wp-content/uploads/2026/04/MMC_1web-1020x1024.jpg" alt="" class="wp-image-1802" srcset="https://edition-gl.de/wp-content/uploads/2026/04/MMC_1web-1020x1024.jpg 1020w, https://edition-gl.de/wp-content/uploads/2026/04/MMC_1web-360x360.jpg 360w, https://edition-gl.de/wp-content/uploads/2026/04/MMC_1web-180x180.jpg 180w, https://edition-gl.de/wp-content/uploads/2026/04/MMC_1web-768x771.jpg 768w, https://edition-gl.de/wp-content/uploads/2026/04/MMC_1web.jpg 1200w" sizes="auto, (max-width: 1020px) 100vw, 1020px" /></figure>



<p></p>



<div style="height:100px" aria-hidden="true" class="wp-block-spacer"></div>



<p>Zur Künstlerin</p>



<p><strong><a href="http://www.rundum-neuss.de">NATASCHA NIESNER</a></strong> <sup>1</sup></p>



<p>… ist in einer Künstlerfamilie aufgewachsen, sie zeichnet und fotografiert schon seit ihrer Jugend. Nach Ihrem Studium zur Dipl.-Designerin arbeitet sie in Grafikdesign Büros in Wuppertal und Neuss. Sie ist Dozentin für Zeichnung, Aquarellmalerei und experimentelle Mischtechniken im Kulturforum Alte Post, an der VHS und im eigenen Atelier „rundum Kunst“ in Neuss. &nbsp;</p>



<p>In Ihren Bildern kombiniert sie oftmals unterschiedliche künstlerische Ausdrucksformen wie z.B. Zeichnung,&nbsp;Aquarellmalerei und Drucktechniken miteinander. Zu Ihren bevorzugten Themen zählen Porträts wie auch Naturstudien.&nbsp;</p>



<p class="has-small-font-size"><sup>1</sup> externer Link zur Webseite der Künstlerin</p>



<figure class="wp-block-image size-large"><img loading="lazy" decoding="async" width="730" height="1024" src="https://edition-gl.de/wp-content/uploads/2026/04/NataschaNiesner-730x1024.jpg" alt="" class="wp-image-1803" srcset="https://edition-gl.de/wp-content/uploads/2026/04/NataschaNiesner-730x1024.jpg 730w, https://edition-gl.de/wp-content/uploads/2026/04/NataschaNiesner-257x360.jpg 257w, https://edition-gl.de/wp-content/uploads/2026/04/NataschaNiesner-768x1078.jpg 768w, https://edition-gl.de/wp-content/uploads/2026/04/NataschaNiesner.jpg 945w" sizes="auto, (max-width: 730px) 100vw, 730px" /></figure>



<div style="height:100px" aria-hidden="true" class="wp-block-spacer"></div>



<div class="wp-block-buttons is-layout-flex wp-block-buttons-is-layout-flex">
<div class="wp-block-button"><a class="wp-block-button__link wp-element-button" href="https://edition-gl.de/index.php/buchen/vision/visionair-gl/">Fenster 1</a></div>



<div class="wp-block-button"><a class="wp-block-button__link wp-element-button" href="https://edition-gl.de/index.php/buchen/vision/">zurück zu VISIONair</a></div>



<div class="wp-block-button"><a class="wp-block-button__link wp-element-button" href="https://edition-gl.de/index.php/buchen/vision/visionair-jg/">Fenster 3</a></div>



<div class="wp-block-button"><a class="wp-block-button__link wp-element-button" href="https://edition-gl.de/index.php/buchen/vision/visionair-mm/">Fenster 4</a></div>



<div class="wp-block-button"><a class="wp-block-button__link wp-element-button" href="https://edition-gl.de/index.php/buchen/vision/visionair-as/">Fenster 5</a></div>
</div>



<p></p>

<p>Natascha Niesner Wandlungen 1 Mixed Media, Aquarell, Monotypie &#8211; 70 cm x 100 cm Die großformatigen Porträts aus der Serie WANDLUNGEN stellen das geistige Innenleben des Menschen als einen Prozess stetiger Entwicklung, Veränderung und Reifung dar. Gedanken, Emotionen, Ideen KEIMEN und gedeihen, verblühen und vergehen. Das einzig Beständige am Menschsein ist die Veränderung selbst. Und [&hellip;]</p>
