{"id":1769,"date":"2026-04-14T08:27:06","date_gmt":"2026-04-14T06:27:06","guid":{"rendered":"https:\/\/edition-gl.de\/?page_id=1769"},"modified":"2026-04-16T11:15:02","modified_gmt":"2026-04-16T09:15:02","slug":"vision","status":"publish","type":"page","link":"https:\/\/edition-gl.de\/index.php\/buchen\/vision\/","title":{"rendered":"VISION"},"content":{"rendered":"\n<div class=\"wp-block-cover alignfull has-parallax\"><div class=\"wp-block-cover__image-background wp-image-1791 has-parallax\" style=\"background-position:50% 50%;background-image:url(https:\/\/edition-gl.de\/wp-content\/uploads\/2026\/04\/Totalisator_leer1200.jpeg)\"><\/div><span aria-hidden=\"true\" class=\"wp-block-cover__background has-background-dim\"><\/span><div class=\"wp-block-cover__inner-container is-layout-flow wp-block-cover-is-layout-flow\">\n<p class=\"has-text-align-center has-xx-large-font-size\"><strong>VISION <\/strong><\/p>\n\n\n\n<p class=\"has-text-align-center has-large-font-size\">Eine Ausstellungsreihe des K\u00fcnstlerkollektivs VISIONair<\/p>\n\n\n\n<p class=\"has-text-align-center\">16.4. &#8211; 2.8.2026<\/p>\n<\/div><\/div>\n\n\n\n<p>2025 schrieb der Neusser Mitmachverein <em>GR\u00dcNES HERZ NEUSS<\/em> in Zusammenarbeit mit dem <em>Kulturamt der Stadt Neuss<\/em> einen Open-Call zur k\u00fcnstlerischen Begleitung der Landesgartenschau 2026 aus. Daf\u00fcr gr\u00fcndete sich das K\u00fcnstlerkollektiv VISIONair und bekam den Auftrag im Totalisator der ehemaligen Rennbahn eine Ausstellung zu gestalten. <br><br>Die Ausstellungsreihe VISION vom 16.April bis zum 2.August 2026 tr\u00e4gt in den vier Teilen den Gedanken in sich, dass auf dem Gel\u00e4nde der ehemaligen Rennbahn mit dem B\u00fcrgerpark etwas Neues beginnt.\u00a0<\/p>\n\n\n\n<figure class=\"wp-block-image size-large\"><img loading=\"lazy\" decoding=\"async\" width=\"1920\" height=\"678\" src=\"https:\/\/edition-gl.de\/wp-content\/uploads\/2026\/04\/FlyerCVisionair_1-1920x678.jpg\" alt=\"\" class=\"wp-image-1786\" srcset=\"https:\/\/edition-gl.de\/wp-content\/uploads\/2026\/04\/FlyerCVisionair_1-1920x678.jpg 1920w, https:\/\/edition-gl.de\/wp-content\/uploads\/2026\/04\/FlyerCVisionair_1-360x127.jpg 360w, https:\/\/edition-gl.de\/wp-content\/uploads\/2026\/04\/FlyerCVisionair_1-768x271.jpg 768w, https:\/\/edition-gl.de\/wp-content\/uploads\/2026\/04\/FlyerCVisionair_1-1536x543.jpg 1536w, https:\/\/edition-gl.de\/wp-content\/uploads\/2026\/04\/FlyerCVisionair_1-2048x724.jpg 2048w\" sizes=\"auto, (max-width: 1920px) 100vw, 1920px\" \/><\/figure>\n\n\n\n<p>Das Leben ist ein ewiger Kreislauf <em>Keimen \u2013 Wachsen \u2013 Bl\u00fchen \u2013 Vergehen<\/em>.&nbsp;Jeder Zeitpunkt birgt eine&nbsp;Vorstellung, eine <em>Vision<\/em> einer jeden anderen Phase.&nbsp;<\/p>\n\n\n\n<p>Die Kunstwerke hinter den f\u00fcnf verbliebenen Fenstern sind den f\u00fcnf Kernworten zugeordnet,&nbsp;beziehen&nbsp;sich&nbsp;in der Diagonalsicht&nbsp;aufeinander&nbsp;und treten in&nbsp;Wechselwirkung.&nbsp;Denn schon im Blick zur\u00fcck zeigt&nbsp;sich nicht mehr das Gleiche, was schon gesehen worden ist.&nbsp;<\/p>\n\n\n\n<p>Die pers\u00f6nlichen Handschriften der einzelnen&nbsp;K\u00fcnstler*innen und&nbsp;die Unterschiedlichkeit&nbsp;ihrer&nbsp;k\u00fcnstlerischen&nbsp;Ans\u00e4tze, Methoden und Materialien&nbsp;schaffen dabei verschiedene Perspektiven und k\u00fcnstlerische Dialoge.<\/p>\n\n\n\n<div style=\"height:35px\" aria-hidden=\"true\" class=\"wp-block-spacer\"><\/div>\n\n\n\n<p>Die Vision 1  vom 16.4. &#8211; 18.5. zeigt Werke von:<\/p>\n\n\n\n<div class=\"wp-block-columns is-layout-flex wp-container-core-columns-is-layout-28f84493 wp-block-columns-is-layout-flex\">\n<div class=\"wp-block-column is-layout-flow wp-block-column-is-layout-flow\">\n<div class=\"wp-block-columns is-layout-flex wp-container-core-columns-is-layout-28f84493 wp-block-columns-is-layout-flex\">\n<div class=\"wp-block-column is-layout-flow wp-block-column-is-layout-flow\">\n<p>Fenster 1 (links)<\/p>\n<\/div>\n\n\n\n<div class=\"wp-block-column is-layout-flow wp-block-column-is-layout-flow\">\n<div class=\"wp-block-buttons is-layout-flex wp-block-buttons-is-layout-flex\">\n<div class=\"wp-block-button\"><a class=\"wp-block-button__link has-background wp-element-button\" href=\"https:\/\/edition-gl.de\/index.php\/buchen\/vision\/visionair-gl\/\" style=\"background-color:#d9840e\">GREGOR LINHSEN<\/a><\/div>\n<\/div>\n<\/div>\n<\/div>\n<\/div>\n<\/div>\n\n\n\n<div class=\"wp-block-columns is-layout-flex wp-container-core-columns-is-layout-28f84493 wp-block-columns-is-layout-flex\">\n<div class=\"wp-block-column is-layout-flow wp-block-column-is-layout-flow\">\n<div class=\"wp-block-columns is-layout-flex wp-container-core-columns-is-layout-28f84493 wp-block-columns-is-layout-flex\">\n<div class=\"wp-block-column is-layout-flow wp-block-column-is-layout-flow\">\n<p>Fenster 2<\/p>\n<\/div>\n\n\n\n<div class=\"wp-block-column is-layout-flow wp-block-column-is-layout-flow\">\n<div class=\"wp-block-buttons is-layout-flex wp-block-buttons-is-layout-flex\">\n<div class=\"wp-block-button\"><a class=\"wp-block-button__link has-background wp-element-button\" href=\"https:\/\/edition-gl.de\/index.php\/buchen\/vision\/visionair-nn\/\" style=\"background-color:#5f0bbf\">NATASCHA NIESNER<\/a><\/div>\n<\/div>\n<\/div>\n<\/div>\n<\/div>\n<\/div>\n\n\n\n<div class=\"wp-block-columns is-layout-flex wp-container-core-columns-is-layout-28f84493 wp-block-columns-is-layout-flex\">\n<div class=\"wp-block-column is-layout-flow wp-block-column-is-layout-flow\">\n<div class=\"wp-block-columns is-layout-flex wp-container-core-columns-is-layout-28f84493 wp-block-columns-is-layout-flex\">\n<div class=\"wp-block-column is-layout-flow wp-block-column-is-layout-flow\">\n<p>Fenster 3 <\/p>\n<\/div>\n\n\n\n<div class=\"wp-block-column is-layout-flow wp-block-column-is-layout-flow\">\n<div class=\"wp-block-buttons is-layout-flex wp-block-buttons-is-layout-flex\">\n<div class=\"wp-block-button\"><a class=\"wp-block-button__link has-background wp-element-button\" href=\"https:\/\/edition-gl.de\/index.php\/buchen\/vision\/visionair-jg\/\" style=\"background-color:#e7c500\">JANNE GRONEN<\/a><\/div>\n<\/div>\n<\/div>\n<\/div>\n<\/div>\n<\/div>\n\n\n\n<div class=\"wp-block-columns is-layout-flex wp-container-core-columns-is-layout-28f84493 wp-block-columns-is-layout-flex\">\n<div class=\"wp-block-column is-layout-flow wp-block-column-is-layout-flow\">\n<div class=\"wp-block-columns is-layout-flex wp-container-core-columns-is-layout-28f84493 wp-block-columns-is-layout-flex\">\n<div class=\"wp-block-column is-layout-flow wp-block-column-is-layout-flow\">\n<p>Fenster 4<\/p>\n<\/div>\n\n\n\n<div class=\"wp-block-column is-layout-flow wp-block-column-is-layout-flow\">\n<div class=\"wp-block-buttons is-layout-flex wp-block-buttons-is-layout-flex\">\n<div class=\"wp-block-button\"><a class=\"wp-block-button__link has-background wp-element-button\" href=\"https:\/\/edition-gl.de\/index.php\/buchen\/vision\/visionair-mm\/\" style=\"background-color:#38d200\">MASCHA MALZEVA<\/a><\/div>\n<\/div>\n<\/div>\n<\/div>\n<\/div>\n<\/div>\n\n\n\n<div class=\"wp-block-columns is-layout-flex wp-container-core-columns-is-layout-28f84493 wp-block-columns-is-layout-flex\">\n<div class=\"wp-block-column is-layout-flow wp-block-column-is-layout-flow\">\n<div class=\"wp-block-columns is-layout-flex wp-container-core-columns-is-layout-28f84493 wp-block-columns-is-layout-flex\">\n<div class=\"wp-block-column is-layout-flow wp-block-column-is-layout-flow\">\n<p>Fenster 5 (rechts)<\/p>\n<\/div>\n\n\n\n<div class=\"wp-block-column is-layout-flow wp-block-column-is-layout-flow\">\n<div class=\"wp-block-buttons is-layout-flex wp-block-buttons-is-layout-flex\">\n<div class=\"wp-block-button\"><a class=\"wp-block-button__link has-background wp-element-button\" href=\"https:\/\/edition-gl.de\/index.php\/buchen\/vision\/visionair-as\/\" style=\"background-color:#17d2bf\">ANNE SCH\u00c4FER<\/a><\/div>\n<\/div>\n<\/div>\n<\/div>\n<\/div>\n<\/div>\n\n\n\n<div style=\"height:21px\" aria-hidden=\"true\" class=\"wp-block-spacer\"><\/div>\n\n\n\n<figure class=\"wp-block-image size-full\"><img loading=\"lazy\" decoding=\"async\" width=\"1200\" height=\"424\" src=\"https:\/\/edition-gl.de\/wp-content\/uploads\/2026\/04\/FlyerCVisionair_2.png\" alt=\"\" class=\"wp-image-1787\" srcset=\"https:\/\/edition-gl.de\/wp-content\/uploads\/2026\/04\/FlyerCVisionair_2.png 1200w, https:\/\/edition-gl.de\/wp-content\/uploads\/2026\/04\/FlyerCVisionair_2-360x127.png 360w, https:\/\/edition-gl.de\/wp-content\/uploads\/2026\/04\/FlyerCVisionair_2-768x271.png 768w\" sizes=\"auto, (max-width: 1200px) 100vw, 1200px\" \/><\/figure>\n\n\n\n<div style=\"height:32px\" aria-hidden=\"true\" class=\"wp-block-spacer\"><\/div>\n\n\n\n<p>Drei weitere Visionen folgen <\/p>\n\n\n\n<p>Vision 2 (18.5. &#8211; 14.6.2026)<\/p>\n\n\n\n<p>Vision 3 (15.6. &#8211; 16.7.2026)<\/p>\n\n\n\n<p>Vision 4 (17.7. &#8211;&nbsp; 2.8.2026)<\/p>\n\n\n\n<div style=\"height:31px\" aria-hidden=\"true\" class=\"wp-block-spacer\"><\/div>\n\n\n\n<p>Der Neusser Mitmachverein <strong><a href=\"https:\/\/gruenes-herz-neuss.de\" target=\"_blank\" rel=\"noreferrer noopener nofollow\">GR\u00dcNES HERZ NEUSS<\/a><\/strong> <sup>1<\/sup> wurde gegr\u00fcndet mit der Idee, den entstehenden 38 ha gro\u00dfen Stadtpark auch \u00fcber die LAGA 2026 hinaus mit Leben zu f\u00fcllen.<\/p>\n\n\n\n<div class=\"wp-block-buttons is-layout-flex wp-block-buttons-is-layout-flex\">\n<div class=\"wp-block-button\"><a class=\"wp-block-button__link wp-element-button\" href=\"https:\/\/gruenes-herz-neuss.de\/open-call-neuss\/\">Zur\u00fcck zum OPEN CALL<\/a><\/div>\n<\/div>\n\n\n\n<p class=\"has-small-font-size\"><sup>1<\/sup>  externer Link \u00f6ffnet neuen Tab<\/p>\n\n\n\n<p><\/p>\n","protected":false},"excerpt":{"rendered":"<p>2025 schrieb der Neusser Mitmachverein GR\u00dcNES HERZ NEUSS in Zusammenarbeit mit dem Kulturamt der Stadt Neuss einen Open-Call zur k\u00fcnstlerischen Begleitung der Landesgartenschau 2026 aus. Daf\u00fcr gr\u00fcndete sich das K\u00fcnstlerkollektiv VISIONair und bekam den Auftrag im Totalisator der ehemaligen Rennbahn eine Ausstellung zu gestalten. Die Ausstellungsreihe VISION vom 16.April bis zum 2.August 2026 tr\u00e4gt in [&hellip;]<\/p>\n","protected":false},"author":2,"featured_media":0,"parent":426,"menu_order":0,"comment_status":"closed","ping_status":"closed","template":"","meta":{"footnotes":"[]"},"class_list":["post-1769","page","type-page","status-publish","hentry"],"_links":{"self":[{"href":"https:\/\/edition-gl.de\/index.php\/wp-json\/wp\/v2\/pages\/1769","targetHints":{"allow":["GET"]}}],"collection":[{"href":"https:\/\/edition-gl.de\/index.php\/wp-json\/wp\/v2\/pages"}],"about":[{"href":"https:\/\/edition-gl.de\/index.php\/wp-json\/wp\/v2\/types\/page"}],"author":[{"embeddable":true,"href":"https:\/\/edition-gl.de\/index.php\/wp-json\/wp\/v2\/users\/2"}],"replies":[{"embeddable":true,"href":"https:\/\/edition-gl.de\/index.php\/wp-json\/wp\/v2\/comments?post=1769"}],"version-history":[{"count":16,"href":"https:\/\/edition-gl.de\/index.php\/wp-json\/wp\/v2\/pages\/1769\/revisions"}],"predecessor-version":[{"id":1851,"href":"https:\/\/edition-gl.de\/index.php\/wp-json\/wp\/v2\/pages\/1769\/revisions\/1851"}],"up":[{"embeddable":true,"href":"https:\/\/edition-gl.de\/index.php\/wp-json\/wp\/v2\/pages\/426"}],"wp:attachment":[{"href":"https:\/\/edition-gl.de\/index.php\/wp-json\/wp\/v2\/media?parent=1769"}],"curies":[{"name":"wp","href":"https:\/\/api.w.org\/{rel}","templated":true}]}}

<div class="wp-block-cover alignfull has-parallax"><div class="wp-block-cover__image-background wp-image-1791 has-parallax" style="background-position:50% 50%;background-image:url(https://edition-gl.de/wp-content/uploads/2026/04/Totalisator_leer1200.jpeg)"></div><span aria-hidden="true" class="wp-block-cover__background has-background-dim"></span><div class="wp-block-cover__inner-container is-layout-flow wp-block-cover-is-layout-flow">
<p class="has-text-align-center has-xx-large-font-size"><strong>VISION </strong></p>



<p class="has-text-align-center has-large-font-size">Eine Ausstellungsreihe des Künstlerkollektivs VISIONair</p>



<p class="has-text-align-center">16.4. &#8211; 2.8.2026</p>
</div></div>



<p>2025 schrieb der Neusser Mitmachverein <em>GRÜNES HERZ NEUSS</em> in Zusammenarbeit mit dem <em>Kulturamt der Stadt Neuss</em> einen Open-Call zur künstlerischen Begleitung der Landesgartenschau 2026 aus. Dafür gründete sich das Künstlerkollektiv VISIONair und bekam den Auftrag im Totalisator der ehemaligen Rennbahn eine Ausstellung zu gestalten. <br><br>Die Ausstellungsreihe VISION vom 16.April bis zum 2.August 2026 trägt in den vier Teilen den Gedanken in sich, dass auf dem Gelände der ehemaligen Rennbahn mit dem Bürgerpark etwas Neues beginnt. </p>



<figure class="wp-block-image size-large"><img loading="lazy" decoding="async" width="1920" height="678" src="https://edition-gl.de/wp-content/uploads/2026/04/FlyerCVisionair_1-1920x678.jpg" alt="" class="wp-image-1786" srcset="https://edition-gl.de/wp-content/uploads/2026/04/FlyerCVisionair_1-1920x678.jpg 1920w, https://edition-gl.de/wp-content/uploads/2026/04/FlyerCVisionair_1-360x127.jpg 360w, https://edition-gl.de/wp-content/uploads/2026/04/FlyerCVisionair_1-768x271.jpg 768w, https://edition-gl.de/wp-content/uploads/2026/04/FlyerCVisionair_1-1536x543.jpg 1536w, https://edition-gl.de/wp-content/uploads/2026/04/FlyerCVisionair_1-2048x724.jpg 2048w" sizes="auto, (max-width: 1920px) 100vw, 1920px" /></figure>



<p>Das Leben ist ein ewiger Kreislauf <em>Keimen – Wachsen – Blühen – Vergehen</em>.&nbsp;Jeder Zeitpunkt birgt eine&nbsp;Vorstellung, eine <em>Vision</em> einer jeden anderen Phase.&nbsp;</p>



<p>Die Kunstwerke hinter den fünf verbliebenen Fenstern sind den fünf Kernworten zugeordnet,&nbsp;beziehen&nbsp;sich&nbsp;in der Diagonalsicht&nbsp;aufeinander&nbsp;und treten in&nbsp;Wechselwirkung.&nbsp;Denn schon im Blick zurück zeigt&nbsp;sich nicht mehr das Gleiche, was schon gesehen worden ist.&nbsp;</p>



<p>Die persönlichen Handschriften der einzelnen&nbsp;Künstler*innen und&nbsp;die Unterschiedlichkeit&nbsp;ihrer&nbsp;künstlerischen&nbsp;Ansätze, Methoden und Materialien&nbsp;schaffen dabei verschiedene Perspektiven und künstlerische Dialoge.</p>



<div style="height:35px" aria-hidden="true" class="wp-block-spacer"></div>



<p>Die Vision 1  vom 16.4. &#8211; 18.5. zeigt Werke von:</p>



<div class="wp-block-columns is-layout-flex wp-container-core-columns-is-layout-28f84493 wp-block-columns-is-layout-flex">
<div class="wp-block-column is-layout-flow wp-block-column-is-layout-flow">
<div class="wp-block-columns is-layout-flex wp-container-core-columns-is-layout-28f84493 wp-block-columns-is-layout-flex">
<div class="wp-block-column is-layout-flow wp-block-column-is-layout-flow">
<p>Fenster 1 (links)</p>
</div>



<div class="wp-block-column is-layout-flow wp-block-column-is-layout-flow">
<div class="wp-block-buttons is-layout-flex wp-block-buttons-is-layout-flex">
<div class="wp-block-button"><a class="wp-block-button__link has-background wp-element-button" href="https://edition-gl.de/index.php/buchen/vision/visionair-gl/" style="background-color:#d9840e">GREGOR LINHSEN</a></div>
</div>
</div>
</div>
</div>
</div>



<div class="wp-block-columns is-layout-flex wp-container-core-columns-is-layout-28f84493 wp-block-columns-is-layout-flex">
<div class="wp-block-column is-layout-flow wp-block-column-is-layout-flow">
<div class="wp-block-columns is-layout-flex wp-container-core-columns-is-layout-28f84493 wp-block-columns-is-layout-flex">
<div class="wp-block-column is-layout-flow wp-block-column-is-layout-flow">
<p>Fenster 2</p>
</div>



<div class="wp-block-column is-layout-flow wp-block-column-is-layout-flow">
<div class="wp-block-buttons is-layout-flex wp-block-buttons-is-layout-flex">
<div class="wp-block-button"><a class="wp-block-button__link has-background wp-element-button" href="https://edition-gl.de/index.php/buchen/vision/visionair-nn/" style="background-color:#5f0bbf">NATASCHA NIESNER</a></div>
</div>
</div>
</div>
</div>
</div>



<div class="wp-block-columns is-layout-flex wp-container-core-columns-is-layout-28f84493 wp-block-columns-is-layout-flex">
<div class="wp-block-column is-layout-flow wp-block-column-is-layout-flow">
<div class="wp-block-columns is-layout-flex wp-container-core-columns-is-layout-28f84493 wp-block-columns-is-layout-flex">
<div class="wp-block-column is-layout-flow wp-block-column-is-layout-flow">
<p>Fenster 3 </p>
</div>



<div class="wp-block-column is-layout-flow wp-block-column-is-layout-flow">
<div class="wp-block-buttons is-layout-flex wp-block-buttons-is-layout-flex">
<div class="wp-block-button"><a class="wp-block-button__link has-background wp-element-button" href="https://edition-gl.de/index.php/buchen/vision/visionair-jg/" style="background-color:#e7c500">JANNE GRONEN</a></div>
</div>
</div>
</div>
</div>
</div>



<div class="wp-block-columns is-layout-flex wp-container-core-columns-is-layout-28f84493 wp-block-columns-is-layout-flex">
<div class="wp-block-column is-layout-flow wp-block-column-is-layout-flow">
<div class="wp-block-columns is-layout-flex wp-container-core-columns-is-layout-28f84493 wp-block-columns-is-layout-flex">
<div class="wp-block-column is-layout-flow wp-block-column-is-layout-flow">
<p>Fenster 4</p>
</div>



<div class="wp-block-column is-layout-flow wp-block-column-is-layout-flow">
<div class="wp-block-buttons is-layout-flex wp-block-buttons-is-layout-flex">
<div class="wp-block-button"><a class="wp-block-button__link has-background wp-element-button" href="https://edition-gl.de/index.php/buchen/vision/visionair-mm/" style="background-color:#38d200">MASCHA MALZEVA</a></div>
</div>
</div>
</div>
</div>
</div>



<div class="wp-block-columns is-layout-flex wp-container-core-columns-is-layout-28f84493 wp-block-columns-is-layout-flex">
<div class="wp-block-column is-layout-flow wp-block-column-is-layout-flow">
<div class="wp-block-columns is-layout-flex wp-container-core-columns-is-layout-28f84493 wp-block-columns-is-layout-flex">
<div class="wp-block-column is-layout-flow wp-block-column-is-layout-flow">
<p>Fenster 5 (rechts)</p>
</div>



<div class="wp-block-column is-layout-flow wp-block-column-is-layout-flow">
<div class="wp-block-buttons is-layout-flex wp-block-buttons-is-layout-flex">
<div class="wp-block-button"><a class="wp-block-button__link has-background wp-element-button" href="https://edition-gl.de/index.php/buchen/vision/visionair-as/" style="background-color:#17d2bf">ANNE SCHÄFER</a></div>
</div>
</div>
</div>
</div>
</div>



<div style="height:21px" aria-hidden="true" class="wp-block-spacer"></div>



<figure class="wp-block-image size-full"><img loading="lazy" decoding="async" width="1200" height="424" src="https://edition-gl.de/wp-content/uploads/2026/04/FlyerCVisionair_2.png" alt="" class="wp-image-1787" srcset="https://edition-gl.de/wp-content/uploads/2026/04/FlyerCVisionair_2.png 1200w, https://edition-gl.de/wp-content/uploads/2026/04/FlyerCVisionair_2-360x127.png 360w, https://edition-gl.de/wp-content/uploads/2026/04/FlyerCVisionair_2-768x271.png 768w" sizes="auto, (max-width: 1200px) 100vw, 1200px" /></figure>



<div style="height:32px" aria-hidden="true" class="wp-block-spacer"></div>



<p>Drei weitere Visionen folgen </p>



<p>Vision 2 (18.5. &#8211; 14.6.2026)</p>



<p>Vision 3 (15.6. &#8211; 16.7.2026)</p>



<p>Vision 4 (17.7. &#8211;&nbsp; 2.8.2026)</p>



<div style="height:31px" aria-hidden="true" class="wp-block-spacer"></div>



<p>Der Neusser Mitmachverein <strong><a href="https://gruenes-herz-neuss.de" target="_blank" rel="noreferrer noopener nofollow">GRÜNES HERZ NEUSS</a></strong> <sup>1</sup> wurde gegründet mit der Idee, den entstehenden 38 ha großen Stadtpark auch über die LAGA 2026 hinaus mit Leben zu füllen.</p>



<div class="wp-block-buttons is-layout-flex wp-block-buttons-is-layout-flex">
<div class="wp-block-button"><a class="wp-block-button__link wp-element-button" href="https://gruenes-herz-neuss.de/open-call-neuss/">Zurück zum OPEN CALL</a></div>
</div>



<p class="has-small-font-size"><sup>1</sup>  externer Link öffnet neuen Tab</p>



<p></p>

<p>2025 schrieb der Neusser Mitmachverein GRÜNES HERZ NEUSS in Zusammenarbeit mit dem Kulturamt der Stadt Neuss einen Open-Call zur künstlerischen Begleitung der Landesgartenschau 2026 aus. Dafür gründete sich das Künstlerkollektiv VISIONair und bekam den Auftrag im Totalisator der ehemaligen Rennbahn eine Ausstellung zu gestalten. Die Ausstellungsreihe VISION vom 16.April bis zum 2.August 2026 trägt in [&hellip;]</p>
